{"id":9231,"date":"2026-03-12T00:18:58","date_gmt":"2026-03-11T23:18:58","guid":{"rendered":"http:\/\/antiquariat-steinbach.com\/rarebooks\/produkt\/polenlieder-ein-todtenopfer\/"},"modified":"2026-03-12T00:18:58","modified_gmt":"2026-03-11T23:18:58","slug":"politik-zwei-aeusserst-seltene-werke-in-1-band-veit-moritz-polenlieder-ein-todtenopfer","status":"publish","type":"product","link":"https:\/\/antiquariat-steinbach.com\/rarebooks\/produkt\/politik-zwei-aeusserst-seltene-werke-in-1-band-veit-moritz-polenlieder-ein-todtenopfer\/","title":{"rendered":"Politik &#8211; Zwei \u00e4u\u00dferst seltene Werke in 1 Band &#8211;   (Veit, Moritz): &#8211;  Polenlieder ein Todtenopfer."},"content":{"rendered":"<p>Hamburg, Hoffmann und Campe 1832 und 1841.<\/p>\n<p>16,5 : 10,5 cm. 50 Seiten mit Titelvignette &#8211; 88 Seiten, 1 Blatt Halbleinenband der Zeit.<\/p>\n<p>880,00 EUR<\/p>\n","protected":false},"excerpt":{"rendered":"<p>Erste und einzige Ausgabe. Seltenes Fr\u00fchwerk des bedeutenden Berliner Buchh\u00e4ndlers, Verlegers und Politikers (1808-1864), der zuvor den Berliner Musenalmanach herausgegeben hatte, zu dessen Mitarbeitern auch Goethe z\u00e4hlte. Er war Mitglied des Frankfurter Parlaments 1848 und des preu\u00dfischen Abgeordnetenhauses, in dem er f\u00fcr die Emanzipation der Juden wirken konnte. &#8211; Titel mehrfach gestempelt, das 1. u. le. Blatt mit schwachen Stempelresten; Einband gering berieben. &#8211; Nicht bei Goed.; Holzm.-B. 7009; ADB 38,535 ff. -(P\u00fcttmann, Hermann) . Tscherkessenlieder. Hamburg, Hoffmann und Campe, 1841. Titel, 88 Seitem, 1 Blatt. &#8211; Hermann P\u00fcttmann (12. August 1811 in Elberfeld &#8211; 24. Dezember 1874 in Richmond, Australien) war ein deutscher demokratischer und sozialistischer Publizist, Herausgeber, Journalist und Kunstkritiker des Vorm\u00e4rz, der als Mitbegr\u00fcnder der deutschsprachigen Presse in Australien gilt. Seltene erste Ausgabe. P\u00fcttmann, gepr\u00e4gt durch die &#8218;Anschauungen seines Freundes Moses Hess, z\u00e4hlt wie Karl Gr\u00fcn zu den Repr\u00e4sentanten des 1844 entstandenen &#8218;wahren&#8216; Sozialismus. &#8211; Titel mehrfach gestempelt.<beigebunden> &#8211; Nicht bei Goedeke, ADB 39, 535ff; JL V, 1160.<\/p>\n","protected":false},"featured_media":23155,"template":"","meta":[],"product_brand":[],"product_cat":[355,32,230,571,914,913],"product_tag":[],"class_list":{"0":"post-9231","1":"product","2":"type-product","3":"status-publish","4":"has-post-thumbnail","6":"product_cat-australiana","7":"product_cat-literatur","8":"product_cat-sozialgeschiche","9":"product_cat-vormaerz","10":"product_cat-zvab","11":"product_cat-zwei-extrem-seltene-werke","13":"first","14":"instock","15":"purchasable","16":"product-type-simple"},"_links":{"self":[{"href":"https:\/\/antiquariat-steinbach.com\/rarebooks\/wp-json\/wp\/v2\/product\/9231","targetHints":{"allow":["GET"]}}],"collection":[{"href":"https:\/\/antiquariat-steinbach.com\/rarebooks\/wp-json\/wp\/v2\/product"}],"about":[{"href":"https:\/\/antiquariat-steinbach.com\/rarebooks\/wp-json\/wp\/v2\/types\/product"}],"version-history":[{"count":5,"href":"https:\/\/antiquariat-steinbach.com\/rarebooks\/wp-json\/wp\/v2\/product\/9231\/revisions"}],"predecessor-version":[{"id":28786,"href":"https:\/\/antiquariat-steinbach.com\/rarebooks\/wp-json\/wp\/v2\/product\/9231\/revisions\/28786"}],"wp:featuredmedia":[{"embeddable":true,"href":"https:\/\/antiquariat-steinbach.com\/rarebooks\/wp-json\/wp\/v2\/media\/23155"}],"wp:attachment":[{"href":"https:\/\/antiquariat-steinbach.com\/rarebooks\/wp-json\/wp\/v2\/media?parent=9231"}],"wp:term":[{"taxonomy":"product_brand","embeddable":true,"href":"https:\/\/antiquariat-steinbach.com\/rarebooks\/wp-json\/wp\/v2\/product_brand?post=9231"},{"taxonomy":"product_cat","embeddable":true,"href":"https:\/\/antiquariat-steinbach.com\/rarebooks\/wp-json\/wp\/v2\/product_cat?post=9231"},{"taxonomy":"product_tag","embeddable":true,"href":"https:\/\/antiquariat-steinbach.com\/rarebooks\/wp-json\/wp\/v2\/product_tag?post=9231"}],"curies":[{"name":"wp","href":"https:\/\/api.w.org\/{rel}","templated":true}]}}