{"id":9175,"date":"2026-03-12T00:28:41","date_gmt":"2026-03-11T23:28:41","guid":{"rendered":"http:\/\/antiquariat-steinbach.com\/rarebooks\/produkt\/geschichte-der-frankfurter-zeitung\/"},"modified":"2026-03-12T00:28:42","modified_gmt":"2026-03-11T23:28:42","slug":"zeitung-geschichte-der-frankfurter-zeitung","status":"publish","type":"product","link":"https:\/\/antiquariat-steinbach.com\/rarebooks\/produkt\/zeitung-geschichte-der-frankfurter-zeitung\/","title":{"rendered":"Zeitung &#8211;   Geschichte der Frankfurter Zeitung."},"content":{"rendered":"<p>Frankfurt, Verlag der Frankfurter Zeitung 1911.<\/p>\n<p>Volksausgabe. 22,5 : 16 cm. XVI, 1143 Seiten Original-Halbleinenband.<\/p>\n<p>40,00 EUR<\/p>\n","protected":false},"excerpt":{"rendered":"<p>Behandelt ausf\u00fchrlich die Geschichte der Frankfurter Zeitung von 1856 bis 1906 die anl\u00e4\u00dflich des 50-j\u00e4hrigen Jubil\u00e4ums der Zeitung erschienen ist. Vorliegende Volksausgabe enth\u00e4lt auch einen Abri\u00df der Geschichte von 1906 bis 1911.<\/p>\n","protected":false},"featured_media":27534,"template":"","meta":[],"product_brand":[],"product_cat":[59,52,914],"product_tag":[],"class_list":{"0":"post-9175","1":"product","2":"type-product","3":"status-publish","4":"has-post-thumbnail","6":"product_cat-kulturgeschichte","7":"product_cat-zeitschriften","8":"product_cat-zvab","10":"first","11":"instock","12":"purchasable","13":"product-type-simple"},"_links":{"self":[{"href":"https:\/\/antiquariat-steinbach.com\/rarebooks\/wp-json\/wp\/v2\/product\/9175","targetHints":{"allow":["GET"]}}],"collection":[{"href":"https:\/\/antiquariat-steinbach.com\/rarebooks\/wp-json\/wp\/v2\/product"}],"about":[{"href":"https:\/\/antiquariat-steinbach.com\/rarebooks\/wp-json\/wp\/v2\/types\/product"}],"version-history":[{"count":4,"href":"https:\/\/antiquariat-steinbach.com\/rarebooks\/wp-json\/wp\/v2\/product\/9175\/revisions"}],"predecessor-version":[{"id":27533,"href":"https:\/\/antiquariat-steinbach.com\/rarebooks\/wp-json\/wp\/v2\/product\/9175\/revisions\/27533"}],"wp:featuredmedia":[{"embeddable":true,"href":"https:\/\/antiquariat-steinbach.com\/rarebooks\/wp-json\/wp\/v2\/media\/27534"}],"wp:attachment":[{"href":"https:\/\/antiquariat-steinbach.com\/rarebooks\/wp-json\/wp\/v2\/media?parent=9175"}],"wp:term":[{"taxonomy":"product_brand","embeddable":true,"href":"https:\/\/antiquariat-steinbach.com\/rarebooks\/wp-json\/wp\/v2\/product_brand?post=9175"},{"taxonomy":"product_cat","embeddable":true,"href":"https:\/\/antiquariat-steinbach.com\/rarebooks\/wp-json\/wp\/v2\/product_cat?post=9175"},{"taxonomy":"product_tag","embeddable":true,"href":"https:\/\/antiquariat-steinbach.com\/rarebooks\/wp-json\/wp\/v2\/product_tag?post=9175"}],"curies":[{"name":"wp","href":"https:\/\/api.w.org\/{rel}","templated":true}]}}