{"id":9169,"date":"2026-03-12T00:28:37","date_gmt":"2026-03-11T23:28:37","guid":{"rendered":"http:\/\/antiquariat-steinbach.com\/rarebooks\/produkt\/zeit-echo\/"},"modified":"2026-03-12T00:28:40","modified_gmt":"2026-03-11T23:28:40","slug":"zeit-echo","status":"publish","type":"product","link":"https:\/\/antiquariat-steinbach.com\/rarebooks\/produkt\/zeit-echo\/","title":{"rendered":"Zeit-Echo."},"content":{"rendered":"<p>M\u00fcnchen und Berlin, Graphik Verlag 1914 &#8211; 1916.<\/p>\n<p>1. Jahr, Heft 1 &#8211; 23\/24, 2. Jahr, Heft 1 &#8211; 12. 24 : 16,5 cm und 23 : 16 cm. 368; 198 Seiten Mit 138 Original-Graphiken, davon 126 ganzseitig. Original-Leinen und Hablleinen.<\/p>\n<p>1500,00 EUR<\/p>\n","protected":false},"excerpt":{"rendered":"<p>Kompletter erster und fast kompletter zweiter Jahrgang des Zeit-Echos. Enth\u00f6lt Original-Graphik von: R. Beeh, W. Geiger, Klee, Kokoschka (5, Wingler-W. 69-73) Kubin (2, Raabe 79), W. Nowak, A. Schinnerer, R. Seewald (4, Jentsch I, 7,9,10,11), Max Unold und anderen. Mit literarischen Beitr\u00e4gen von Brod, Buber, Edschmid, Hofmannsthal, Klabund, Scheerbart, Wassermann und anderen. Die Zeitschrift wurde noch ein drittes Jahr in der Schweiz ver\u00f6ffentlicht, da sein anti-milit\u00e4rischer Ton die Verleger zwang ins Exil in die neutrale Schweiz zu gehen. &#8211; Der zweite Jahrgang enth\u00e4lt die Hefte 1 &#8211; 12, drei weitere Hefte wurden ver\u00f6ffentlicht, die hier nicht vorliegen. &#8211; Raabe, Zeitschriften 22.<\/p>\n","protected":false},"featured_media":23542,"template":"","meta":[],"product_brand":[],"product_cat":[346,52,914],"product_tag":[],"class_list":{"0":"post-9169","1":"product","2":"type-product","3":"status-publish","4":"has-post-thumbnail","6":"product_cat-illustrated-books","7":"product_cat-zeitschriften","8":"product_cat-zvab","10":"first","11":"instock","12":"purchasable","13":"product-type-simple"},"_links":{"self":[{"href":"https:\/\/antiquariat-steinbach.com\/rarebooks\/wp-json\/wp\/v2\/product\/9169","targetHints":{"allow":["GET"]}}],"collection":[{"href":"https:\/\/antiquariat-steinbach.com\/rarebooks\/wp-json\/wp\/v2\/product"}],"about":[{"href":"https:\/\/antiquariat-steinbach.com\/rarebooks\/wp-json\/wp\/v2\/types\/product"}],"version-history":[{"count":2,"href":"https:\/\/antiquariat-steinbach.com\/rarebooks\/wp-json\/wp\/v2\/product\/9169\/revisions"}],"predecessor-version":[{"id":14107,"href":"https:\/\/antiquariat-steinbach.com\/rarebooks\/wp-json\/wp\/v2\/product\/9169\/revisions\/14107"}],"wp:featuredmedia":[{"embeddable":true,"href":"https:\/\/antiquariat-steinbach.com\/rarebooks\/wp-json\/wp\/v2\/media\/23542"}],"wp:attachment":[{"href":"https:\/\/antiquariat-steinbach.com\/rarebooks\/wp-json\/wp\/v2\/media?parent=9169"}],"wp:term":[{"taxonomy":"product_brand","embeddable":true,"href":"https:\/\/antiquariat-steinbach.com\/rarebooks\/wp-json\/wp\/v2\/product_brand?post=9169"},{"taxonomy":"product_cat","embeddable":true,"href":"https:\/\/antiquariat-steinbach.com\/rarebooks\/wp-json\/wp\/v2\/product_cat?post=9169"},{"taxonomy":"product_tag","embeddable":true,"href":"https:\/\/antiquariat-steinbach.com\/rarebooks\/wp-json\/wp\/v2\/product_tag?post=9169"}],"curies":[{"name":"wp","href":"https:\/\/api.w.org\/{rel}","templated":true}]}}