{"id":8965,"date":"2026-03-12T00:26:45","date_gmt":"2026-03-11T23:26:45","guid":{"rendered":"http:\/\/antiquariat-steinbach.com\/rarebooks\/produkt\/10-coloured-designs-of-jewellery-probably-wiener-werkstaette-2\/"},"modified":"2026-03-12T00:26:47","modified_gmt":"2026-03-11T23:26:47","slug":"wiener-werkstaette-jewellery-10-coloured-designs-of-jewellery-probably-wiener-werkstaette","status":"publish","type":"product","link":"https:\/\/antiquariat-steinbach.com\/rarebooks\/produkt\/wiener-werkstaette-jewellery-10-coloured-designs-of-jewellery-probably-wiener-werkstaette\/","title":{"rendered":"Wiener Werkst\u00e4tte &#8211;   Jewellery. &#8211;  10 coloured designs of Jewellery, probably Wiener Werkst\u00e4tte."},"content":{"rendered":"<p>Vienna? Wiener Werkst\u00e4tte? n.d.<\/p>\n<p>9 : 7 cm 10 original water-colours mounted under passepartout.<\/p>\n<p>600,00 EUR<\/p>\n","protected":false},"excerpt":{"rendered":"<p>Beautiful designs for jewellery most likely from the Wiener Werkst\u00e4tte. Very finely drawn collection of designes for artistic brooches most likely from the beginning of the 20ties century. on stiff cardboard with black background let the designes shine in yellow, blue, green and whit. Also a reminiscent  of Art nouveau as well as Art Deco.<\/p>\n","protected":false},"featured_media":23075,"template":"","meta":[],"product_brand":[],"product_cat":[657,242,90,914],"product_tag":[],"class_list":{"0":"post-8965","1":"product","2":"type-product","3":"status-publish","4":"has-post-thumbnail","6":"product_cat-jewellery-gold","7":"product_cat-schmuck","8":"product_cat-viennensia","9":"product_cat-zvab","11":"first","12":"instock","13":"purchasable","14":"product-type-simple"},"_links":{"self":[{"href":"https:\/\/antiquariat-steinbach.com\/rarebooks\/wp-json\/wp\/v2\/product\/8965","targetHints":{"allow":["GET"]}}],"collection":[{"href":"https:\/\/antiquariat-steinbach.com\/rarebooks\/wp-json\/wp\/v2\/product"}],"about":[{"href":"https:\/\/antiquariat-steinbach.com\/rarebooks\/wp-json\/wp\/v2\/types\/product"}],"version-history":[{"count":4,"href":"https:\/\/antiquariat-steinbach.com\/rarebooks\/wp-json\/wp\/v2\/product\/8965\/revisions"}],"predecessor-version":[{"id":23498,"href":"https:\/\/antiquariat-steinbach.com\/rarebooks\/wp-json\/wp\/v2\/product\/8965\/revisions\/23498"}],"wp:featuredmedia":[{"embeddable":true,"href":"https:\/\/antiquariat-steinbach.com\/rarebooks\/wp-json\/wp\/v2\/media\/23075"}],"wp:attachment":[{"href":"https:\/\/antiquariat-steinbach.com\/rarebooks\/wp-json\/wp\/v2\/media?parent=8965"}],"wp:term":[{"taxonomy":"product_brand","embeddable":true,"href":"https:\/\/antiquariat-steinbach.com\/rarebooks\/wp-json\/wp\/v2\/product_brand?post=8965"},{"taxonomy":"product_cat","embeddable":true,"href":"https:\/\/antiquariat-steinbach.com\/rarebooks\/wp-json\/wp\/v2\/product_cat?post=8965"},{"taxonomy":"product_tag","embeddable":true,"href":"https:\/\/antiquariat-steinbach.com\/rarebooks\/wp-json\/wp\/v2\/product_tag?post=8965"}],"curies":[{"name":"wp","href":"https:\/\/api.w.org\/{rel}","templated":true}]}}