{"id":8955,"date":"2026-03-12T00:26:45","date_gmt":"2026-03-11T23:26:45","guid":{"rendered":"http:\/\/antiquariat-steinbach.com\/rarebooks\/produkt\/25-jahre-wiener-werkstaette-kuenstlerfest-31-mai-1928\/"},"modified":"2026-03-12T00:26:46","modified_gmt":"2026-03-11T23:26:46","slug":"wiener-werkstaette-25-jahre-wiener-werkstaette-kuenstlerfest-31-mai-1928","status":"publish","type":"product","link":"https:\/\/antiquariat-steinbach.com\/rarebooks\/produkt\/wiener-werkstaette-25-jahre-wiener-werkstaette-kuenstlerfest-31-mai-1928\/","title":{"rendered":"Wiener Werkst\u00e4tte &#8211;   25 Jahre Wiener Werkst\u00e4tte. K\u00fcnstlerfest 31 Mai 1928."},"content":{"rendered":"<p>Vienna, Wiener Werkst\u00e4tte, 1928.<\/p>\n<p>13 : 178,5 cm. 1 announcing leaf.<\/p>\n<p>150,00 EUR<\/p>\n","protected":false},"excerpt":{"rendered":"<p>Announcing leaf from the Wiener Werkst\u00e4tte for the artists-celebration on May 31, 1928.<\/p>\n","protected":false},"featured_media":23495,"template":"","meta":[],"product_brand":[],"product_cat":[29,90,257,914],"product_tag":[],"class_list":{"0":"post-8955","1":"product","2":"type-product","3":"status-publish","4":"has-post-thumbnail","6":"product_cat-20-jahrhundert","7":"product_cat-viennensia","8":"product_cat-wiener-werkstaette","9":"product_cat-zvab","11":"first","12":"instock","13":"purchasable","14":"product-type-simple"},"_links":{"self":[{"href":"https:\/\/antiquariat-steinbach.com\/rarebooks\/wp-json\/wp\/v2\/product\/8955","targetHints":{"allow":["GET"]}}],"collection":[{"href":"https:\/\/antiquariat-steinbach.com\/rarebooks\/wp-json\/wp\/v2\/product"}],"about":[{"href":"https:\/\/antiquariat-steinbach.com\/rarebooks\/wp-json\/wp\/v2\/types\/product"}],"version-history":[{"count":3,"href":"https:\/\/antiquariat-steinbach.com\/rarebooks\/wp-json\/wp\/v2\/product\/8955\/revisions"}],"predecessor-version":[{"id":22358,"href":"https:\/\/antiquariat-steinbach.com\/rarebooks\/wp-json\/wp\/v2\/product\/8955\/revisions\/22358"}],"wp:featuredmedia":[{"embeddable":true,"href":"https:\/\/antiquariat-steinbach.com\/rarebooks\/wp-json\/wp\/v2\/media\/23495"}],"wp:attachment":[{"href":"https:\/\/antiquariat-steinbach.com\/rarebooks\/wp-json\/wp\/v2\/media?parent=8955"}],"wp:term":[{"taxonomy":"product_brand","embeddable":true,"href":"https:\/\/antiquariat-steinbach.com\/rarebooks\/wp-json\/wp\/v2\/product_brand?post=8955"},{"taxonomy":"product_cat","embeddable":true,"href":"https:\/\/antiquariat-steinbach.com\/rarebooks\/wp-json\/wp\/v2\/product_cat?post=8955"},{"taxonomy":"product_tag","embeddable":true,"href":"https:\/\/antiquariat-steinbach.com\/rarebooks\/wp-json\/wp\/v2\/product_tag?post=8955"}],"curies":[{"name":"wp","href":"https:\/\/api.w.org\/{rel}","templated":true}]}}