{"id":8779,"date":"2026-03-12T00:26:29","date_gmt":"2026-03-11T23:26:29","guid":{"rendered":"http:\/\/antiquariat-steinbach.com\/rarebooks\/produkt\/koche-auf-vorrat-handbuch-fuer-die-frischhaltung-aller-nahrungsmittel-mit-den-weckschen-einrichtungen\/"},"modified":"2026-03-12T00:26:30","modified_gmt":"2026-03-11T23:26:30","slug":"weck-j-koche-auf-vorrat-handbuch-fuer-die-frischhaltung-aller-nahrungsmittel-mit-den-weckschen-einrichtungen","status":"publish","type":"product","link":"https:\/\/antiquariat-steinbach.com\/rarebooks\/produkt\/weck-j-koche-auf-vorrat-handbuch-fuer-die-frischhaltung-aller-nahrungsmittel-mit-den-weckschen-einrichtungen\/","title":{"rendered":"Weck, J: &#8211;  Koche auf Vorrat! Handbuch f\u00fcr die Frischhaltung aller Nahrungsmittel mit den &#8222;Weck&#8217;schen Einrichtungen&#8220;."},"content":{"rendered":"<p>\u00d6flingen, Weck (1913).<\/p>\n<p>10. Auflage. 1. B\u00e4ndchen. 22 : 14 cm. 156 Seiten, 2 Blatt mit vielen Abbildungen. Original-Leinenband.<\/p>\n<p>20,00 EUR<\/p>\n","protected":false},"excerpt":{"rendered":"<p>Der vorliegende Band besch\u00e4ftigt sich mit Frischhaltung von Obst, Gem\u00fcse, Pilzen, Obst- und Beeren-S\u00e4ften, Marmelade etc. &#8211; Einige Blatt im Bug etwas fleckig; Einband etwas fleckig. &#8211; Weiss 4099.<\/p>\n","protected":false},"featured_media":0,"template":"","meta":[],"product_brand":[],"product_cat":[58,112,914],"product_tag":[],"class_list":{"0":"post-8779","1":"product","2":"type-product","3":"status-publish","5":"product_cat-gastronomie","6":"product_cat-kochbuecher","7":"product_cat-zvab","9":"first","10":"instock","11":"purchasable","12":"product-type-simple"},"_links":{"self":[{"href":"https:\/\/antiquariat-steinbach.com\/rarebooks\/wp-json\/wp\/v2\/product\/8779","targetHints":{"allow":["GET"]}}],"collection":[{"href":"https:\/\/antiquariat-steinbach.com\/rarebooks\/wp-json\/wp\/v2\/product"}],"about":[{"href":"https:\/\/antiquariat-steinbach.com\/rarebooks\/wp-json\/wp\/v2\/types\/product"}],"version-history":[{"count":3,"href":"https:\/\/antiquariat-steinbach.com\/rarebooks\/wp-json\/wp\/v2\/product\/8779\/revisions"}],"predecessor-version":[{"id":22267,"href":"https:\/\/antiquariat-steinbach.com\/rarebooks\/wp-json\/wp\/v2\/product\/8779\/revisions\/22267"}],"wp:attachment":[{"href":"https:\/\/antiquariat-steinbach.com\/rarebooks\/wp-json\/wp\/v2\/media?parent=8779"}],"wp:term":[{"taxonomy":"product_brand","embeddable":true,"href":"https:\/\/antiquariat-steinbach.com\/rarebooks\/wp-json\/wp\/v2\/product_brand?post=8779"},{"taxonomy":"product_cat","embeddable":true,"href":"https:\/\/antiquariat-steinbach.com\/rarebooks\/wp-json\/wp\/v2\/product_cat?post=8779"},{"taxonomy":"product_tag","embeddable":true,"href":"https:\/\/antiquariat-steinbach.com\/rarebooks\/wp-json\/wp\/v2\/product_tag?post=8779"}],"curies":[{"name":"wp","href":"https:\/\/api.w.org\/{rel}","templated":true}]}}