{"id":8763,"date":"2026-03-12T00:26:29","date_gmt":"2026-03-11T23:26:29","guid":{"rendered":"http:\/\/antiquariat-steinbach.com\/rarebooks\/produkt\/gastronomische-bilder\/"},"modified":"2026-03-12T00:26:29","modified_gmt":"2026-03-11T23:26:29","slug":"weber-felix-gastronomische-bilder","status":"publish","type":"product","link":"https:\/\/antiquariat-steinbach.com\/rarebooks\/produkt\/weber-felix-gastronomische-bilder\/","title":{"rendered":"Weber, Felix: &#8211;  Gastronomische Bilder."},"content":{"rendered":"<p>Leipzig, Weber 1882.<\/p>\n<p>17,5 : 11,5 cm. XV, 283 Seiten mit 1 gefalteten Karte. Illustrierter Original-Leinenband.<\/p>\n<p>60,00 EUR<\/p>\n","protected":false},"excerpt":{"rendered":"<p>Erste Auflage. &#8211; &#8222;Ein \u00e4u\u00dferst lesenswertes kulturgeschichtliches Werk, das uns \u00fcber die K\u00fcche fast aller Nationen interessante Einzelheiten gibt&#8220; (Schraemli 497). &#8211; Kanten gering berieben, innen tadellos. &#8211; Weiss 4090; Georg 572; nicht bei Horn\/A.<\/p>\n","protected":false},"featured_media":28007,"template":"","meta":[],"product_brand":[],"product_cat":[58,914],"product_tag":[],"class_list":{"0":"post-8763","1":"product","2":"type-product","3":"status-publish","4":"has-post-thumbnail","6":"product_cat-gastronomie","7":"product_cat-zvab","9":"first","10":"instock","11":"purchasable","12":"product-type-simple"},"_links":{"self":[{"href":"https:\/\/antiquariat-steinbach.com\/rarebooks\/wp-json\/wp\/v2\/product\/8763","targetHints":{"allow":["GET"]}}],"collection":[{"href":"https:\/\/antiquariat-steinbach.com\/rarebooks\/wp-json\/wp\/v2\/product"}],"about":[{"href":"https:\/\/antiquariat-steinbach.com\/rarebooks\/wp-json\/wp\/v2\/types\/product"}],"version-history":[{"count":4,"href":"https:\/\/antiquariat-steinbach.com\/rarebooks\/wp-json\/wp\/v2\/product\/8763\/revisions"}],"predecessor-version":[{"id":28006,"href":"https:\/\/antiquariat-steinbach.com\/rarebooks\/wp-json\/wp\/v2\/product\/8763\/revisions\/28006"}],"wp:featuredmedia":[{"embeddable":true,"href":"https:\/\/antiquariat-steinbach.com\/rarebooks\/wp-json\/wp\/v2\/media\/28007"}],"wp:attachment":[{"href":"https:\/\/antiquariat-steinbach.com\/rarebooks\/wp-json\/wp\/v2\/media?parent=8763"}],"wp:term":[{"taxonomy":"product_brand","embeddable":true,"href":"https:\/\/antiquariat-steinbach.com\/rarebooks\/wp-json\/wp\/v2\/product_brand?post=8763"},{"taxonomy":"product_cat","embeddable":true,"href":"https:\/\/antiquariat-steinbach.com\/rarebooks\/wp-json\/wp\/v2\/product_cat?post=8763"},{"taxonomy":"product_tag","embeddable":true,"href":"https:\/\/antiquariat-steinbach.com\/rarebooks\/wp-json\/wp\/v2\/product_tag?post=8763"}],"curies":[{"name":"wp","href":"https:\/\/api.w.org\/{rel}","templated":true}]}}