{"id":873,"date":"2026-03-12T00:02:01","date_gmt":"2026-03-11T23:02:01","guid":{"rendered":"http:\/\/antiquariat-steinbach.com\/rarebooks\/produkt\/baeder-almanach-mitteilungen-der-baeder-luftkurorte-und-heilanstalten\/"},"modified":"2026-03-12T00:02:02","modified_gmt":"2026-03-11T23:02:02","slug":"balneologie-baeder-almanach-mitteilungen-der-baeder-luftkurorte-und-heilanstalten","status":"publish","type":"product","link":"https:\/\/antiquariat-steinbach.com\/rarebooks\/produkt\/balneologie-baeder-almanach-mitteilungen-der-baeder-luftkurorte-und-heilanstalten\/","title":{"rendered":"Balneologie &#8211;   B\u00e4der-Almanach. Mitteilungen der B\u00e4der, Luftkurorte und Heilanstalten."},"content":{"rendered":"<p>Berlin, Mosse, 1930.<\/p>\n<p>F\u00fcnfzehnte Ausgabe. 24 : 16 cm. 642 Seiten, mit einigen Tafeln. Original Leinenband.<\/p>\n<p>50,00 EUR<\/p>\n","protected":false},"excerpt":{"rendered":"<p>\u00dcber die allgemeine Bedeutung der Balneologie, Aufz\u00e4hlung der Krankheiten die durch Balneotherapie behandelt werden k\u00f6nnen. Der zweite Teil behandelt die Balneographie, die klimatischen  Voraussetzungen, Kurorte, Seeb\u00e4der, verschiedene Quellen, Zusammenstellung der Heilanstalten etc. Mit Auflistunge und Beschreibung der einzelnen B\u00e4der in Deutschland und ganz Europa.<\/p>\n","protected":false},"featured_media":9856,"template":"","meta":[],"product_brand":[],"product_cat":[72,74,65,179,914],"product_tag":[],"class_list":{"0":"post-873","1":"product","2":"type-product","3":"status-publish","4":"has-post-thumbnail","6":"product_cat-balneologie","7":"product_cat-deutschland","8":"product_cat-geographie","9":"product_cat-medizin","10":"product_cat-zvab","12":"first","13":"instock","14":"purchasable","15":"product-type-simple"},"_links":{"self":[{"href":"https:\/\/antiquariat-steinbach.com\/rarebooks\/wp-json\/wp\/v2\/product\/873","targetHints":{"allow":["GET"]}}],"collection":[{"href":"https:\/\/antiquariat-steinbach.com\/rarebooks\/wp-json\/wp\/v2\/product"}],"about":[{"href":"https:\/\/antiquariat-steinbach.com\/rarebooks\/wp-json\/wp\/v2\/types\/product"}],"version-history":[{"count":3,"href":"https:\/\/antiquariat-steinbach.com\/rarebooks\/wp-json\/wp\/v2\/product\/873\/revisions"}],"predecessor-version":[{"id":18620,"href":"https:\/\/antiquariat-steinbach.com\/rarebooks\/wp-json\/wp\/v2\/product\/873\/revisions\/18620"}],"wp:featuredmedia":[{"embeddable":true,"href":"https:\/\/antiquariat-steinbach.com\/rarebooks\/wp-json\/wp\/v2\/media\/9856"}],"wp:attachment":[{"href":"https:\/\/antiquariat-steinbach.com\/rarebooks\/wp-json\/wp\/v2\/media?parent=873"}],"wp:term":[{"taxonomy":"product_brand","embeddable":true,"href":"https:\/\/antiquariat-steinbach.com\/rarebooks\/wp-json\/wp\/v2\/product_brand?post=873"},{"taxonomy":"product_cat","embeddable":true,"href":"https:\/\/antiquariat-steinbach.com\/rarebooks\/wp-json\/wp\/v2\/product_cat?post=873"},{"taxonomy":"product_tag","embeddable":true,"href":"https:\/\/antiquariat-steinbach.com\/rarebooks\/wp-json\/wp\/v2\/product_tag?post=873"}],"curies":[{"name":"wp","href":"https:\/\/api.w.org\/{rel}","templated":true}]}}