{"id":8717,"date":"2026-03-12T00:26:25","date_gmt":"2026-03-11T23:26:25","guid":{"rendered":"http:\/\/antiquariat-steinbach.com\/rarebooks\/produkt\/a-la-carte\/"},"modified":"2026-03-12T00:26:25","modified_gmt":"2026-03-11T23:26:25","slug":"wanninger-karl-a-la-carte","status":"publish","type":"product","link":"https:\/\/antiquariat-steinbach.com\/rarebooks\/produkt\/wanninger-karl-a-la-carte\/","title":{"rendered":"Wanninger, Karl: &#8211;  A la Carte."},"content":{"rendered":"<p>Rosenheim, Rosenheimer Verlagshaus (1988).<\/p>\n<p>(3. Auflage). 30 : 23 cm. 207 Seiten mit sehr vielen, teils farbigen Illustrationen. Original-Leinenband mit farbig illustriertem Original-Schutzumschlag.<\/p>\n<p>38,00 EUR<\/p>\n","protected":false},"excerpt":{"rendered":"<p>Enth\u00e4lt neben den Abbildungen von Speisekarten aus verschiedenen L\u00e4ndern, auch eine Einf\u00fchrung in das Kartenlesen, das ABC der hohen K\u00fcchenkunst, Gedanken zur feineren Lebensart u.\u00e4.<\/p>\n","protected":false},"featured_media":0,"template":"","meta":[],"product_brand":[],"product_cat":[58,194,914],"product_tag":[],"class_list":{"0":"post-8717","1":"product","2":"type-product","3":"status-publish","5":"product_cat-gastronomie","6":"product_cat-menuekarten","7":"product_cat-zvab","9":"first","10":"instock","11":"purchasable","12":"product-type-simple"},"_links":{"self":[{"href":"https:\/\/antiquariat-steinbach.com\/rarebooks\/wp-json\/wp\/v2\/product\/8717","targetHints":{"allow":["GET"]}}],"collection":[{"href":"https:\/\/antiquariat-steinbach.com\/rarebooks\/wp-json\/wp\/v2\/product"}],"about":[{"href":"https:\/\/antiquariat-steinbach.com\/rarebooks\/wp-json\/wp\/v2\/types\/product"}],"version-history":[{"count":3,"href":"https:\/\/antiquariat-steinbach.com\/rarebooks\/wp-json\/wp\/v2\/product\/8717\/revisions"}],"predecessor-version":[{"id":22237,"href":"https:\/\/antiquariat-steinbach.com\/rarebooks\/wp-json\/wp\/v2\/product\/8717\/revisions\/22237"}],"wp:attachment":[{"href":"https:\/\/antiquariat-steinbach.com\/rarebooks\/wp-json\/wp\/v2\/media?parent=8717"}],"wp:term":[{"taxonomy":"product_brand","embeddable":true,"href":"https:\/\/antiquariat-steinbach.com\/rarebooks\/wp-json\/wp\/v2\/product_brand?post=8717"},{"taxonomy":"product_cat","embeddable":true,"href":"https:\/\/antiquariat-steinbach.com\/rarebooks\/wp-json\/wp\/v2\/product_cat?post=8717"},{"taxonomy":"product_tag","embeddable":true,"href":"https:\/\/antiquariat-steinbach.com\/rarebooks\/wp-json\/wp\/v2\/product_tag?post=8717"}],"curies":[{"name":"wp","href":"https:\/\/api.w.org\/{rel}","templated":true}]}}