{"id":8653,"date":"2026-03-12T00:26:19","date_gmt":"2026-03-11T23:26:19","guid":{"rendered":"http:\/\/antiquariat-steinbach.com\/rarebooks\/produkt\/moeurs-usages-et-costumes-de-tous-les-peuples-du-monde\/"},"modified":"2026-03-12T00:26:20","modified_gmt":"2026-03-11T23:26:20","slug":"wahlen-auguste-d-i-j-f-n-loumyer-moeurs-usages-et-costumes-de-tous-les-peuples-du-monde","status":"publish","type":"product","link":"https:\/\/antiquariat-steinbach.com\/rarebooks\/produkt\/wahlen-auguste-d-i-j-f-n-loumyer-moeurs-usages-et-costumes-de-tous-les-peuples-du-monde\/","title":{"rendered":"Wahlen, Auguste (d.i.J.F.N. Loumyer): &#8211;  Moeurs, usages et costumes de tous les peuples du monde."},"content":{"rendered":"<p>Br\u00fcssel, Librairie historique-artistique 1844.<\/p>\n<p>27 : 18 cm. 2 Blatt, 361 Seiten, 1 Blatt Mitkolorierter, gestochener Titelvignette und 34 kolorierten Kupfertafeln. Halbpergamentband der Zeit mit 2 R\u00fcckenschildern.<\/p>\n<p>450,00 EUR<\/p>\n","protected":false},"excerpt":{"rendered":"<p>Mit besonders h\u00fcbschen nationalen Trachtenarstellungen in leuchtendem, zeitgen\u00f6ssischen Kolorit  aus der T\u00fcrkei, Griechenland, Russland, Elsass, Korsika, Br\u00fcssel, Bayern, Ulm, Schwarzwald u.a. &#8211; Einband etwas berieben. &#8211; Lipperheide 61; Colas 1090-1091.<\/p>\n","protected":false},"featured_media":0,"template":"","meta":[],"product_brand":[],"product_cat":[59,121,914],"product_tag":[],"class_list":{"0":"post-8653","1":"product","2":"type-product","3":"status-publish","5":"product_cat-kulturgeschichte","6":"product_cat-mode","7":"product_cat-zvab","9":"first","10":"instock","11":"purchasable","12":"product-type-simple"},"_links":{"self":[{"href":"https:\/\/antiquariat-steinbach.com\/rarebooks\/wp-json\/wp\/v2\/product\/8653","targetHints":{"allow":["GET"]}}],"collection":[{"href":"https:\/\/antiquariat-steinbach.com\/rarebooks\/wp-json\/wp\/v2\/product"}],"about":[{"href":"https:\/\/antiquariat-steinbach.com\/rarebooks\/wp-json\/wp\/v2\/types\/product"}],"version-history":[{"count":3,"href":"https:\/\/antiquariat-steinbach.com\/rarebooks\/wp-json\/wp\/v2\/product\/8653\/revisions"}],"predecessor-version":[{"id":22211,"href":"https:\/\/antiquariat-steinbach.com\/rarebooks\/wp-json\/wp\/v2\/product\/8653\/revisions\/22211"}],"wp:attachment":[{"href":"https:\/\/antiquariat-steinbach.com\/rarebooks\/wp-json\/wp\/v2\/media?parent=8653"}],"wp:term":[{"taxonomy":"product_brand","embeddable":true,"href":"https:\/\/antiquariat-steinbach.com\/rarebooks\/wp-json\/wp\/v2\/product_brand?post=8653"},{"taxonomy":"product_cat","embeddable":true,"href":"https:\/\/antiquariat-steinbach.com\/rarebooks\/wp-json\/wp\/v2\/product_cat?post=8653"},{"taxonomy":"product_tag","embeddable":true,"href":"https:\/\/antiquariat-steinbach.com\/rarebooks\/wp-json\/wp\/v2\/product_tag?post=8653"}],"curies":[{"name":"wp","href":"https:\/\/api.w.org\/{rel}","templated":true}]}}