{"id":861,"date":"2026-03-12T00:01:02","date_gmt":"2026-03-11T23:01:02","guid":{"rendered":"http:\/\/antiquariat-steinbach.com\/rarebooks\/produkt\/cronica-del-viaje-de-sus-majestades-y-altezas-reales-a-las-islas-baleares-catluna-y-aragon-en-1860\/"},"modified":"2026-03-12T00:01:03","modified_gmt":"2026-03-11T23:01:03","slug":"baleares-flores-antonio-cronica-del-viaje-de-sus-majestades-y-altezas-reales-a-las-islas-baleares-catluna-y-aragon-en-1860","status":"publish","type":"product","link":"https:\/\/antiquariat-steinbach.com\/rarebooks\/produkt\/baleares-flores-antonio-cronica-del-viaje-de-sus-majestades-y-altezas-reales-a-las-islas-baleares-catluna-y-aragon-en-1860\/","title":{"rendered":"Baleares &#8211;   Flores, Antonio: &#8211;  Cr\u00f3nica del viaje de sus Majestades y Altezas Reales \u00e1 las Islas Baleares, Catlu\u00f1a y Aragon en 1860."},"content":{"rendered":"<p>Madrid, Rivadeneyra 1861.<\/p>\n<p>27 : 18 cm. 411 p\u00e1ginas Con 16 l\u00e1minas litografiadas. Holandesa de \u00e9poca, lomo dorado, tejuelo.<\/p>\n<p>280,00 EUR<\/p>\n","protected":false},"excerpt":{"rendered":"<p>Primera edici\u00f3n, rara. Las litografias con vistas y retratos. &#8211; Con manchas de oxido; encuadernacion un poco rozada. &#8211; Palau III, 246.<\/p>\n","protected":false},"featured_media":0,"template":"","meta":[],"product_brand":[],"product_cat":[215,65,97,148,914],"product_tag":[],"class_list":{"0":"post-861","1":"product","2":"type-product","3":"status-publish","5":"product_cat-balearen","6":"product_cat-geographie","7":"product_cat-geschichte","8":"product_cat-spanien","9":"product_cat-zvab","11":"first","12":"instock","13":"purchasable","14":"product-type-simple"},"_links":{"self":[{"href":"https:\/\/antiquariat-steinbach.com\/rarebooks\/wp-json\/wp\/v2\/product\/861","targetHints":{"allow":["GET"]}}],"collection":[{"href":"https:\/\/antiquariat-steinbach.com\/rarebooks\/wp-json\/wp\/v2\/product"}],"about":[{"href":"https:\/\/antiquariat-steinbach.com\/rarebooks\/wp-json\/wp\/v2\/types\/product"}],"version-history":[{"count":3,"href":"https:\/\/antiquariat-steinbach.com\/rarebooks\/wp-json\/wp\/v2\/product\/861\/revisions"}],"predecessor-version":[{"id":18614,"href":"https:\/\/antiquariat-steinbach.com\/rarebooks\/wp-json\/wp\/v2\/product\/861\/revisions\/18614"}],"wp:attachment":[{"href":"https:\/\/antiquariat-steinbach.com\/rarebooks\/wp-json\/wp\/v2\/media?parent=861"}],"wp:term":[{"taxonomy":"product_brand","embeddable":true,"href":"https:\/\/antiquariat-steinbach.com\/rarebooks\/wp-json\/wp\/v2\/product_brand?post=861"},{"taxonomy":"product_cat","embeddable":true,"href":"https:\/\/antiquariat-steinbach.com\/rarebooks\/wp-json\/wp\/v2\/product_cat?post=861"},{"taxonomy":"product_tag","embeddable":true,"href":"https:\/\/antiquariat-steinbach.com\/rarebooks\/wp-json\/wp\/v2\/product_tag?post=861"}],"curies":[{"name":"wp","href":"https:\/\/api.w.org\/{rel}","templated":true}]}}