{"id":8607,"date":"2026-03-12T00:26:14","date_gmt":"2026-03-11T23:26:14","guid":{"rendered":"http:\/\/antiquariat-steinbach.com\/rarebooks\/produkt\/die-juengste-katastrophe-des-erdballs\/"},"modified":"2026-03-12T00:26:15","modified_gmt":"2026-03-11T23:26:15","slug":"vortisch-louis-die-juengste-katastrophe-des-erdballs-2","status":"publish","type":"product","link":"https:\/\/antiquariat-steinbach.com\/rarebooks\/produkt\/vortisch-louis-die-juengste-katastrophe-des-erdballs-2\/","title":{"rendered":"Vortisch, Louis: &#8211;  Die j\u00fcngste Katastrophe des Erdballs."},"content":{"rendered":"<p>Braunschweig, Vieweg 1852.<\/p>\n<p>23 : 14 cm. XIII, 172 Seiten, 1 Blatt Typographisch bedruckter Original-Umschlag.<\/p>\n<p>110,00 EUR<\/p>\n","protected":false},"excerpt":{"rendered":"<p>\u00dcber &#8218;Ver\u00e4nderung im Klima&#8216; &#8211; schon vor 150 Jahren ein Thema &#8211; &#8218;Ver\u00e4nderungen im Meer&#8216;, &#8218;Ver\u00e4nderungen in der Erdrinde&#8216; etc. &#8211; Einband etwas fleckig.<\/p>\n","protected":false},"featured_media":0,"template":"","meta":[],"product_brand":[],"product_cat":[342,537,914],"product_tag":[],"class_list":{"0":"post-8607","1":"product","2":"type-product","3":"status-publish","5":"product_cat-ffm11","6":"product_cat-geologie","7":"product_cat-zvab","9":"first","10":"instock","11":"purchasable","12":"product-type-simple"},"_links":{"self":[{"href":"https:\/\/antiquariat-steinbach.com\/rarebooks\/wp-json\/wp\/v2\/product\/8607","targetHints":{"allow":["GET"]}}],"collection":[{"href":"https:\/\/antiquariat-steinbach.com\/rarebooks\/wp-json\/wp\/v2\/product"}],"about":[{"href":"https:\/\/antiquariat-steinbach.com\/rarebooks\/wp-json\/wp\/v2\/types\/product"}],"version-history":[{"count":3,"href":"https:\/\/antiquariat-steinbach.com\/rarebooks\/wp-json\/wp\/v2\/product\/8607\/revisions"}],"predecessor-version":[{"id":22193,"href":"https:\/\/antiquariat-steinbach.com\/rarebooks\/wp-json\/wp\/v2\/product\/8607\/revisions\/22193"}],"wp:attachment":[{"href":"https:\/\/antiquariat-steinbach.com\/rarebooks\/wp-json\/wp\/v2\/media?parent=8607"}],"wp:term":[{"taxonomy":"product_brand","embeddable":true,"href":"https:\/\/antiquariat-steinbach.com\/rarebooks\/wp-json\/wp\/v2\/product_brand?post=8607"},{"taxonomy":"product_cat","embeddable":true,"href":"https:\/\/antiquariat-steinbach.com\/rarebooks\/wp-json\/wp\/v2\/product_cat?post=8607"},{"taxonomy":"product_tag","embeddable":true,"href":"https:\/\/antiquariat-steinbach.com\/rarebooks\/wp-json\/wp\/v2\/product_tag?post=8607"}],"curies":[{"name":"wp","href":"https:\/\/api.w.org\/{rel}","templated":true}]}}