{"id":8367,"date":"2026-03-12T00:24:54","date_gmt":"2026-03-11T23:24:54","guid":{"rendered":"http:\/\/antiquariat-steinbach.com\/rarebooks\/produkt\/uebungskontor\/"},"modified":"2026-03-12T00:24:55","modified_gmt":"2026-03-11T23:24:55","slug":"uebungskontor-puntigam-adele-uebungskontor","status":"publish","type":"product","link":"https:\/\/antiquariat-steinbach.com\/rarebooks\/produkt\/uebungskontor-puntigam-adele-uebungskontor\/","title":{"rendered":"\u00dcbungskontor &#8211;   Puntigam, Adele. &#8211;  \u00dcbungskontor."},"content":{"rendered":"<p>Wien, Weiss, 1907.<\/p>\n<p>28,5 : 22,5 cm. Farbig illustrierter Original-Halbleinenband.<\/p>\n<p>60,00 EUR<\/p>\n","protected":false},"excerpt":{"rendered":"<p>\u00dcbungsbuch f\u00fcr die Bilanz-Buchhaltung der Sch\u00fcllerin Adele Puntigam der Klasse 2A. Enth\u00e4lt allgemeine Korrespondenz, Inventar- und Bilanz-Buch, Kassa, Hauptbuch, Eingang-Fakturen- und Kalkulationsbuch, Tratten-Verfallbuch etc. alles sorgf\u00e4ltig mit Beispielen ausgef\u00fcllt.<\/p>\n","protected":false},"featured_media":18203,"template":"","meta":[],"product_brand":[],"product_cat":[56,67,182,914],"product_tag":[],"class_list":{"0":"post-8367","1":"product","2":"type-product","3":"status-publish","4":"has-post-thumbnail","6":"product_cat-handel","7":"product_cat-mathematik","8":"product_cat-paedagogik","9":"product_cat-zvab","11":"first","12":"instock","13":"purchasable","14":"product-type-simple"},"_links":{"self":[{"href":"https:\/\/antiquariat-steinbach.com\/rarebooks\/wp-json\/wp\/v2\/product\/8367","targetHints":{"allow":["GET"]}}],"collection":[{"href":"https:\/\/antiquariat-steinbach.com\/rarebooks\/wp-json\/wp\/v2\/product"}],"about":[{"href":"https:\/\/antiquariat-steinbach.com\/rarebooks\/wp-json\/wp\/v2\/types\/product"}],"version-history":[{"count":3,"href":"https:\/\/antiquariat-steinbach.com\/rarebooks\/wp-json\/wp\/v2\/product\/8367\/revisions"}],"predecessor-version":[{"id":22081,"href":"https:\/\/antiquariat-steinbach.com\/rarebooks\/wp-json\/wp\/v2\/product\/8367\/revisions\/22081"}],"wp:featuredmedia":[{"embeddable":true,"href":"https:\/\/antiquariat-steinbach.com\/rarebooks\/wp-json\/wp\/v2\/media\/18203"}],"wp:attachment":[{"href":"https:\/\/antiquariat-steinbach.com\/rarebooks\/wp-json\/wp\/v2\/media?parent=8367"}],"wp:term":[{"taxonomy":"product_brand","embeddable":true,"href":"https:\/\/antiquariat-steinbach.com\/rarebooks\/wp-json\/wp\/v2\/product_brand?post=8367"},{"taxonomy":"product_cat","embeddable":true,"href":"https:\/\/antiquariat-steinbach.com\/rarebooks\/wp-json\/wp\/v2\/product_cat?post=8367"},{"taxonomy":"product_tag","embeddable":true,"href":"https:\/\/antiquariat-steinbach.com\/rarebooks\/wp-json\/wp\/v2\/product_tag?post=8367"}],"curies":[{"name":"wp","href":"https:\/\/api.w.org\/{rel}","templated":true}]}}