{"id":8345,"date":"2026-03-12T00:14:48","date_gmt":"2026-03-11T23:14:48","guid":{"rendered":"http:\/\/antiquariat-steinbach.com\/rarebooks\/produkt\/lebensbeschreibung-des-ritters-von-ravanne-eines-bey-ihrer-hoheit-dem-herzoge-von-orleans-gewesenen-pagen-und-musketairs-worinnen-zugleich-die-merkwuerdigsten-liebesgeschichten-seiner-hoheit-vorkomm\/"},"modified":"2026-03-12T00:14:49","modified_gmt":"2026-03-11T23:14:49","slug":"literature-two-rare-works-in-bound-together-lebensbeschreibung-des-ritters-von-ravanne-eines-bey-ihrer-hoheit-dem-herzoge-von-orleans-gewesenen-pagen-und-musketairs-worinnen-zugleich-die-merkw","status":"publish","type":"product","link":"https:\/\/antiquariat-steinbach.com\/rarebooks\/produkt\/literature-two-rare-works-in-bound-together-lebensbeschreibung-des-ritters-von-ravanne-eines-bey-ihrer-hoheit-dem-herzoge-von-orleans-gewesenen-pagen-und-musketairs-worinnen-zugleich-die-merkw\/","title":{"rendered":"Literature &#8211; Two rare works in bound together &#8211;   Lebensbeschreibung des Ritters von Ravanne, eines bey Ihrer Hoheit dem Herzoge von Orleans gewesenen Pagen und Musketairs, worinnen zugleich die merkw\u00fcrdigsten Liebesgeschichten Seiner Hoheit vorkommen"},"content":{"rendered":"<p>N\u00fcrnberg and Leipzig, Geyer, 1745.<\/p>\n<p>3 parts in 1 volume. 17,5 : 10,5 cm. Title, 734 pages. Contemporary full calf, spine richly gilt, back label.<\/p>\n<p>1500,00 EUR<\/p>\n","protected":false},"excerpt":{"rendered":"<p>BOUND WITH: Grammont, Philibert Comte de. Die vergn\u00fcgten Abwechslungen der Gesch\u00e4fte auf dem Lande, oder egebenheiten des Grafen von Grammont aus dem Franz\u00f6sischen des Grafen Anton Hamilton \u00fcbersetzet. Stockholm and Leipzig, Kiesewetter, 1745. 390 pages. &#8211; Booth works in first edition and extremely rare. &#8211; Title-pages with small collectors-stamp, Exlibris, last fly-leaf with some annotations by the previous owner.<\/p>\n","protected":false},"featured_media":0,"template":"","meta":[],"product_brand":[],"product_cat":[659,152,59,32,914],"product_tag":[],"class_list":{"0":"post-8345","1":"product","2":"type-product","3":"status-publish","5":"product_cat-1701-1800","6":"product_cat-erotica","7":"product_cat-kulturgeschichte","8":"product_cat-literatur","9":"product_cat-zvab","11":"first","12":"instock","13":"purchasable","14":"product-type-simple"},"_links":{"self":[{"href":"https:\/\/antiquariat-steinbach.com\/rarebooks\/wp-json\/wp\/v2\/product\/8345","targetHints":{"allow":["GET"]}}],"collection":[{"href":"https:\/\/antiquariat-steinbach.com\/rarebooks\/wp-json\/wp\/v2\/product"}],"about":[{"href":"https:\/\/antiquariat-steinbach.com\/rarebooks\/wp-json\/wp\/v2\/types\/product"}],"version-history":[{"count":4,"href":"https:\/\/antiquariat-steinbach.com\/rarebooks\/wp-json\/wp\/v2\/product\/8345\/revisions"}],"predecessor-version":[{"id":24582,"href":"https:\/\/antiquariat-steinbach.com\/rarebooks\/wp-json\/wp\/v2\/product\/8345\/revisions\/24582"}],"wp:attachment":[{"href":"https:\/\/antiquariat-steinbach.com\/rarebooks\/wp-json\/wp\/v2\/media?parent=8345"}],"wp:term":[{"taxonomy":"product_brand","embeddable":true,"href":"https:\/\/antiquariat-steinbach.com\/rarebooks\/wp-json\/wp\/v2\/product_brand?post=8345"},{"taxonomy":"product_cat","embeddable":true,"href":"https:\/\/antiquariat-steinbach.com\/rarebooks\/wp-json\/wp\/v2\/product_cat?post=8345"},{"taxonomy":"product_tag","embeddable":true,"href":"https:\/\/antiquariat-steinbach.com\/rarebooks\/wp-json\/wp\/v2\/product_tag?post=8345"}],"curies":[{"name":"wp","href":"https:\/\/api.w.org\/{rel}","templated":true}]}}