{"id":8301,"date":"2026-03-12T00:24:49","date_gmt":"2026-03-11T23:24:49","guid":{"rendered":"http:\/\/antiquariat-steinbach.com\/rarebooks\/produkt\/kunst-und-kunstgewerbe-vom-fruehen-mittelalter-bis-ende-des-achtzehnten-jahrhunderts\/"},"modified":"2026-03-12T00:24:50","modified_gmt":"2026-03-11T23:24:50","slug":"trautmann-franz-kunst-und-kunstgewerbe-vom-fruehen-mittelalter-bis-ende-des-achtzehnten-jahrhunderts","status":"publish","type":"product","link":"https:\/\/antiquariat-steinbach.com\/rarebooks\/produkt\/trautmann-franz-kunst-und-kunstgewerbe-vom-fruehen-mittelalter-bis-ende-des-achtzehnten-jahrhunderts\/","title":{"rendered":"Trautmann, Franz: &#8211;  Kunst und Kunstgewerbe vom fr\u00fchen Mittelalter bis Ende des achtzehnten Jahrhunderts."},"content":{"rendered":"<p>N\u00f6rdlingen, Beck 1869.<\/p>\n<p>22,5 : 15,5 cm. XIV, 420 Seiten, 1 Blatt Halbleinenband der Zeit.<\/p>\n<p>50,00 EUR<\/p>\n","protected":false},"excerpt":{"rendered":"<p>Seltenes Nachschlagewerk welches die Techniken der verschiedensten Kunsthandwerke erkl\u00e4rt und mehrere der wichtigsten K\u00fcnstler und Arbeiten zum jeweiligen Gebiet auff\u00fchrt. Reicht von Aetzerei \u00fcber Automaten und andere mechanische Kunstproducte, Glasmalerei, Manuscript-Malerei bis zu Schwerter und Wasserzeichen. &#8211; Stellenweise etwas fleckig.<\/p>\n","protected":false},"featured_media":28418,"template":"","meta":[],"product_brand":[],"product_cat":[69,178,914],"product_tag":[],"class_list":{"0":"post-8301","1":"product","2":"type-product","3":"status-publish","4":"has-post-thumbnail","6":"product_cat-kunstgeschichte","7":"product_cat-kunstgewerbe","8":"product_cat-zvab","10":"first","11":"instock","12":"purchasable","13":"product-type-simple"},"_links":{"self":[{"href":"https:\/\/antiquariat-steinbach.com\/rarebooks\/wp-json\/wp\/v2\/product\/8301","targetHints":{"allow":["GET"]}}],"collection":[{"href":"https:\/\/antiquariat-steinbach.com\/rarebooks\/wp-json\/wp\/v2\/product"}],"about":[{"href":"https:\/\/antiquariat-steinbach.com\/rarebooks\/wp-json\/wp\/v2\/types\/product"}],"version-history":[{"count":3,"href":"https:\/\/antiquariat-steinbach.com\/rarebooks\/wp-json\/wp\/v2\/product\/8301\/revisions"}],"predecessor-version":[{"id":22043,"href":"https:\/\/antiquariat-steinbach.com\/rarebooks\/wp-json\/wp\/v2\/product\/8301\/revisions\/22043"}],"wp:featuredmedia":[{"embeddable":true,"href":"https:\/\/antiquariat-steinbach.com\/rarebooks\/wp-json\/wp\/v2\/media\/28418"}],"wp:attachment":[{"href":"https:\/\/antiquariat-steinbach.com\/rarebooks\/wp-json\/wp\/v2\/media?parent=8301"}],"wp:term":[{"taxonomy":"product_brand","embeddable":true,"href":"https:\/\/antiquariat-steinbach.com\/rarebooks\/wp-json\/wp\/v2\/product_brand?post=8301"},{"taxonomy":"product_cat","embeddable":true,"href":"https:\/\/antiquariat-steinbach.com\/rarebooks\/wp-json\/wp\/v2\/product_cat?post=8301"},{"taxonomy":"product_tag","embeddable":true,"href":"https:\/\/antiquariat-steinbach.com\/rarebooks\/wp-json\/wp\/v2\/product_tag?post=8301"}],"curies":[{"name":"wp","href":"https:\/\/api.w.org\/{rel}","templated":true}]}}