{"id":8199,"date":"2026-03-12T00:24:35","date_gmt":"2026-03-11T23:24:35","guid":{"rendered":"http:\/\/antiquariat-steinbach.com\/rarebooks\/produkt\/das-buch-der-neuesten-wurstfabrikation\/"},"modified":"2026-03-12T00:24:37","modified_gmt":"2026-03-11T23:24:37","slug":"theis-jos-alph-das-buch-der-neuesten-wurstfabrikation","status":"publish","type":"product","link":"https:\/\/antiquariat-steinbach.com\/rarebooks\/produkt\/theis-jos-alph-das-buch-der-neuesten-wurstfabrikation\/","title":{"rendered":"Theis, Jos. Alph: &#8211;  Das Buch der neuesten Wurstfabrikation."},"content":{"rendered":"<p>Kaiserslautern, Thiemesche Druckereien o.J. (um 1920).<\/p>\n<p>24 : 16,5 cm. XXIV, 194 Seiten mit 36 farbigen Tafeln mit vielen Abbildungen. Original-Leinenband.<\/p>\n<p>130,00 EUR<\/p>\n","protected":false},"excerpt":{"rendered":"<p>\u00dcber die Fabrikation von Dauer- und Rohwurst, Br\u00fchwurst, Kochwurst, Wurst- und Fleischkonserven, Rouladne, Pasteten, Salaten etc. Reich illustriert. &#8211; R\u00fccken etwas verla\u00dft.<\/p>\n","protected":false},"featured_media":0,"template":"","meta":[],"product_brand":[],"product_cat":[58,914],"product_tag":[],"class_list":{"0":"post-8199","1":"product","2":"type-product","3":"status-publish","5":"product_cat-gastronomie","6":"product_cat-zvab","8":"first","9":"instock","10":"purchasable","11":"product-type-simple"},"_links":{"self":[{"href":"https:\/\/antiquariat-steinbach.com\/rarebooks\/wp-json\/wp\/v2\/product\/8199","targetHints":{"allow":["GET"]}}],"collection":[{"href":"https:\/\/antiquariat-steinbach.com\/rarebooks\/wp-json\/wp\/v2\/product"}],"about":[{"href":"https:\/\/antiquariat-steinbach.com\/rarebooks\/wp-json\/wp\/v2\/types\/product"}],"version-history":[{"count":3,"href":"https:\/\/antiquariat-steinbach.com\/rarebooks\/wp-json\/wp\/v2\/product\/8199\/revisions"}],"predecessor-version":[{"id":21992,"href":"https:\/\/antiquariat-steinbach.com\/rarebooks\/wp-json\/wp\/v2\/product\/8199\/revisions\/21992"}],"wp:attachment":[{"href":"https:\/\/antiquariat-steinbach.com\/rarebooks\/wp-json\/wp\/v2\/media?parent=8199"}],"wp:term":[{"taxonomy":"product_brand","embeddable":true,"href":"https:\/\/antiquariat-steinbach.com\/rarebooks\/wp-json\/wp\/v2\/product_brand?post=8199"},{"taxonomy":"product_cat","embeddable":true,"href":"https:\/\/antiquariat-steinbach.com\/rarebooks\/wp-json\/wp\/v2\/product_cat?post=8199"},{"taxonomy":"product_tag","embeddable":true,"href":"https:\/\/antiquariat-steinbach.com\/rarebooks\/wp-json\/wp\/v2\/product_tag?post=8199"}],"curies":[{"name":"wp","href":"https:\/\/api.w.org\/{rel}","templated":true}]}}