{"id":8185,"date":"2026-03-12T00:24:35","date_gmt":"2026-03-11T23:24:35","guid":{"rendered":"http:\/\/antiquariat-steinbach.com\/rarebooks\/produkt\/entwuerfe-fuer-10-theaterszenen-zu-einem-maerchen-mayer\/"},"modified":"2026-03-12T00:24:35","modified_gmt":"2026-03-11T23:24:35","slug":"theatre-goessl-und-poetz-entwuerfe-fuer-10-theaterszenen-zu-einem-maerchen-mayer","status":"publish","type":"product","link":"https:\/\/antiquariat-steinbach.com\/rarebooks\/produkt\/theatre-goessl-und-poetz-entwuerfe-fuer-10-theaterszenen-zu-einem-maerchen-mayer\/","title":{"rendered":"Theatre &#8211;   Goessl und P\u00f6tz: &#8211;  Entw\u00fcrfe f\u00fcr 10 Theaterszenen zu einem M\u00e4rchen &#8218;Mayer&#8216;."},"content":{"rendered":"<p>O.O, 1900.<\/p>\n<p>16 : 12 cm. Einf\u00fchrungstextblatt 10 aquarellierte Federzeichnungen mit darunterstehenden Text.<\/p>\n<p>450,00 EUR<\/p>\n","protected":false},"excerpt":{"rendered":"<p>Zehn lebhafte Szenen, meist mit K\u00f6nig, Freier und Tochter, alle in alten Kost\u00fcmen. Handelt von einem K\u00f6nig der 7 T\u00f6chter jeweils an einen Mann namens Mayer verheiratet. Am Schlu\u00df die Bemerkung \u00fcber den Namen Mayer &#8222;&#8230;So m\u00f6ge den der Himmel den holden Namen Maier und die ganze Mayerei immer weiter verbreiten&#8230;und m\u00f6ge sie bl\u00fchen bis in ewige Zeiten&#8220;. &#8211; Jeweils 2 Blatt zusammengeklebt und alt aufgezogen, in Leporelloform. &#8211; Bei einer Zeichnng fehlt die linke untere Ecke.<\/p>\n","protected":false},"featured_media":17723,"template":"","meta":[],"product_brand":[],"product_cat":[60,147,145,914],"product_tag":[],"class_list":{"0":"post-8185","1":"product","2":"type-product","3":"status-publish","4":"has-post-thumbnail","6":"product_cat-kinderbuecher","7":"product_cat-manuskripte","8":"product_cat-theater","9":"product_cat-zvab","11":"first","12":"instock","13":"purchasable","14":"product-type-simple"},"_links":{"self":[{"href":"https:\/\/antiquariat-steinbach.com\/rarebooks\/wp-json\/wp\/v2\/product\/8185","targetHints":{"allow":["GET"]}}],"collection":[{"href":"https:\/\/antiquariat-steinbach.com\/rarebooks\/wp-json\/wp\/v2\/product"}],"about":[{"href":"https:\/\/antiquariat-steinbach.com\/rarebooks\/wp-json\/wp\/v2\/types\/product"}],"version-history":[{"count":3,"href":"https:\/\/antiquariat-steinbach.com\/rarebooks\/wp-json\/wp\/v2\/product\/8185\/revisions"}],"predecessor-version":[{"id":21984,"href":"https:\/\/antiquariat-steinbach.com\/rarebooks\/wp-json\/wp\/v2\/product\/8185\/revisions\/21984"}],"wp:featuredmedia":[{"embeddable":true,"href":"https:\/\/antiquariat-steinbach.com\/rarebooks\/wp-json\/wp\/v2\/media\/17723"}],"wp:attachment":[{"href":"https:\/\/antiquariat-steinbach.com\/rarebooks\/wp-json\/wp\/v2\/media?parent=8185"}],"wp:term":[{"taxonomy":"product_brand","embeddable":true,"href":"https:\/\/antiquariat-steinbach.com\/rarebooks\/wp-json\/wp\/v2\/product_brand?post=8185"},{"taxonomy":"product_cat","embeddable":true,"href":"https:\/\/antiquariat-steinbach.com\/rarebooks\/wp-json\/wp\/v2\/product_cat?post=8185"},{"taxonomy":"product_tag","embeddable":true,"href":"https:\/\/antiquariat-steinbach.com\/rarebooks\/wp-json\/wp\/v2\/product_tag?post=8185"}],"curies":[{"name":"wp","href":"https:\/\/api.w.org\/{rel}","templated":true}]}}