{"id":7997,"date":"2026-03-12T00:24:16","date_gmt":"2026-03-11T23:24:16","guid":{"rendered":"http:\/\/antiquariat-steinbach.com\/rarebooks\/produkt\/der-auslaender-eine-unterhaltungs-spende-fuer-leser-aus-allen-staenden\/"},"modified":"2026-03-12T00:24:17","modified_gmt":"2026-03-11T23:24:17","slug":"strobl-adam-der-auslaender-eine-unterhaltungs-spende-fuer-leser-aus-allen-staenden","status":"publish","type":"product","link":"https:\/\/antiquariat-steinbach.com\/rarebooks\/produkt\/strobl-adam-der-auslaender-eine-unterhaltungs-spende-fuer-leser-aus-allen-staenden\/","title":{"rendered":"Strobl, Adam. &#8211;  Der Ausl\u00e4nder. Eine Unterhaltungs-Spende f\u00fcr Leser aus allen St\u00e4nden."},"content":{"rendered":"<p>Wien, Benko, 1840 &#8211; 1841.<\/p>\n<p>24 Hefte in 4 B\u00e4nden. 22 : 14,5 cm. Mit 13 (stat 24) lithographierten  Frontispiece. Halbleinenb\u00e4nder der Zeit mit R\u00fcckenvergoldung  und R\u00fcckenschild.<\/p>\n<p>60,00 EUR<\/p>\n","protected":false},"excerpt":{"rendered":"<p>Ohne die Frontisp\u00fciece zu Band 1 Heft 4 und 6; Band 2, Heft 2,3 und 6; Band 3 Heft2,3 und 5; Band 4 Heft 2, 4 und 6. &#8211; Band 2 etwas wasserrandig, sonst innen gut. Einb\u00e4nde etwas angestaucbt und leicht berieben.<\/p>\n","protected":false},"featured_media":0,"template":"","meta":[],"product_brand":[],"product_cat":[71,97,59,32,591,914],"product_tag":[],"class_list":{"0":"post-7997","1":"product","2":"type-product","3":"status-publish","5":"product_cat-austriaca","6":"product_cat-geschichte","7":"product_cat-kulturgeschichte","8":"product_cat-literatur","9":"product_cat-reisebeschreib","10":"product_cat-zvab","12":"first","13":"instock","14":"purchasable","15":"product-type-simple"},"_links":{"self":[{"href":"https:\/\/antiquariat-steinbach.com\/rarebooks\/wp-json\/wp\/v2\/product\/7997","targetHints":{"allow":["GET"]}}],"collection":[{"href":"https:\/\/antiquariat-steinbach.com\/rarebooks\/wp-json\/wp\/v2\/product"}],"about":[{"href":"https:\/\/antiquariat-steinbach.com\/rarebooks\/wp-json\/wp\/v2\/types\/product"}],"version-history":[{"count":3,"href":"https:\/\/antiquariat-steinbach.com\/rarebooks\/wp-json\/wp\/v2\/product\/7997\/revisions"}],"predecessor-version":[{"id":21909,"href":"https:\/\/antiquariat-steinbach.com\/rarebooks\/wp-json\/wp\/v2\/product\/7997\/revisions\/21909"}],"wp:attachment":[{"href":"https:\/\/antiquariat-steinbach.com\/rarebooks\/wp-json\/wp\/v2\/media?parent=7997"}],"wp:term":[{"taxonomy":"product_brand","embeddable":true,"href":"https:\/\/antiquariat-steinbach.com\/rarebooks\/wp-json\/wp\/v2\/product_brand?post=7997"},{"taxonomy":"product_cat","embeddable":true,"href":"https:\/\/antiquariat-steinbach.com\/rarebooks\/wp-json\/wp\/v2\/product_cat?post=7997"},{"taxonomy":"product_tag","embeddable":true,"href":"https:\/\/antiquariat-steinbach.com\/rarebooks\/wp-json\/wp\/v2\/product_tag?post=7997"}],"curies":[{"name":"wp","href":"https:\/\/api.w.org\/{rel}","templated":true}]}}