{"id":7965,"date":"2026-03-12T00:24:12","date_gmt":"2026-03-11T23:24:12","guid":{"rendered":"http:\/\/antiquariat-steinbach.com\/rarebooks\/produkt\/tete-a-tete-chanson-foxtrot-parole-di-tom-cioffi-musica-di-robet-stolz\/"},"modified":"2026-03-12T00:24:13","modified_gmt":"2026-03-11T23:24:13","slug":"stolz-robert-tete-a-tete-chanson-foxtrot-parole-di-tom-cioffi-musica-di-robet-stolz","status":"publish","type":"product","link":"https:\/\/antiquariat-steinbach.com\/rarebooks\/produkt\/stolz-robert-tete-a-tete-chanson-foxtrot-parole-di-tom-cioffi-musica-di-robet-stolz\/","title":{"rendered":"Stolz, robert. &#8211;  T\u00e9te \u00e0 t\u00e9te. Chanson Foxtrot. Parole di Tom Cioffi. Musica di Robet Stolz."},"content":{"rendered":"<p>Napoli, Fratelli Cupci, 1921.<\/p>\n<p>35 : 27 cm. 3 leaves. Coloured illustrated original wrappers.<\/p>\n<p>15,00 EUR<\/p>\n","protected":false},"excerpt":{"rendered":"<p>Napoli, Fratelli Cupci, 1921. 35 : 27 cm. 3 leaves. Coloured illustrated original wrappers. 15,00 EUR<\/p>\n","protected":false},"featured_media":17670,"template":"","meta":[],"product_brand":[],"product_cat":[144,914],"product_tag":[],"class_list":{"0":"post-7965","1":"product","2":"type-product","3":"status-publish","4":"has-post-thumbnail","6":"product_cat-musik","7":"product_cat-zvab","9":"first","10":"instock","11":"purchasable","12":"product-type-simple"},"_links":{"self":[{"href":"https:\/\/antiquariat-steinbach.com\/rarebooks\/wp-json\/wp\/v2\/product\/7965","targetHints":{"allow":["GET"]}}],"collection":[{"href":"https:\/\/antiquariat-steinbach.com\/rarebooks\/wp-json\/wp\/v2\/product"}],"about":[{"href":"https:\/\/antiquariat-steinbach.com\/rarebooks\/wp-json\/wp\/v2\/types\/product"}],"version-history":[{"count":3,"href":"https:\/\/antiquariat-steinbach.com\/rarebooks\/wp-json\/wp\/v2\/product\/7965\/revisions"}],"predecessor-version":[{"id":21894,"href":"https:\/\/antiquariat-steinbach.com\/rarebooks\/wp-json\/wp\/v2\/product\/7965\/revisions\/21894"}],"wp:featuredmedia":[{"embeddable":true,"href":"https:\/\/antiquariat-steinbach.com\/rarebooks\/wp-json\/wp\/v2\/media\/17670"}],"wp:attachment":[{"href":"https:\/\/antiquariat-steinbach.com\/rarebooks\/wp-json\/wp\/v2\/media?parent=7965"}],"wp:term":[{"taxonomy":"product_brand","embeddable":true,"href":"https:\/\/antiquariat-steinbach.com\/rarebooks\/wp-json\/wp\/v2\/product_brand?post=7965"},{"taxonomy":"product_cat","embeddable":true,"href":"https:\/\/antiquariat-steinbach.com\/rarebooks\/wp-json\/wp\/v2\/product_cat?post=7965"},{"taxonomy":"product_tag","embeddable":true,"href":"https:\/\/antiquariat-steinbach.com\/rarebooks\/wp-json\/wp\/v2\/product_tag?post=7965"}],"curies":[{"name":"wp","href":"https:\/\/api.w.org\/{rel}","templated":true}]}}