{"id":7905,"date":"2026-03-12T00:24:06","date_gmt":"2026-03-11T23:24:06","guid":{"rendered":"http:\/\/antiquariat-steinbach.com\/rarebooks\/produkt\/neun-schulungsskizzen-fuer-maler-naturstimmungen\/"},"modified":"2026-03-12T00:24:06","modified_gmt":"2026-03-11T23:24:06","slug":"steiner-rudolf-neun-schulungsskizzen-fuer-maler-naturstimmungen","status":"publish","type":"product","link":"https:\/\/antiquariat-steinbach.com\/rarebooks\/produkt\/steiner-rudolf-neun-schulungsskizzen-fuer-maler-naturstimmungen\/","title":{"rendered":"Steiner, Rudolf: &#8211;  Neun Schulungsskizzen f\u00fcr Maler &#8222;Naturstimmungen&#8220;."},"content":{"rendered":"<p>Dornach, Verlag der Rudolf Steiner Nachlassverwaltung 1962.<\/p>\n<p>45 : 35 cm. 2 Blatt mit 9 farbigen Tafeln und 24 Original-Aquarellen. Original-Pappmappe.<\/p>\n<p>290,00 EUR<\/p>\n","protected":false},"excerpt":{"rendered":"<p>Enth\u00e4lt 24 Original-Aquarelle, ganz im Stil Rudolf Steiners gemalt. Die Aquarelle durchaus ansprechend gemalt, wom\u00f6glich von einem seiner Sch\u00fcler gefertigt. Einige Blatt mit kleinen M\u00e4ngeln, sonst durchwegs gut erhalten. Die Mappe mit Besitzvermerk Annie P\u00f6nner, Wien. Mit einer Einf\u00fchrung von Hilde Boos-Hamburger.<\/p>\n","protected":false},"featured_media":17654,"template":"","meta":[],"product_brand":[],"product_cat":[30,856,182,187,914],"product_tag":[],"class_list":{"0":"post-7905","1":"product","2":"type-product","3":"status-publish","4":"has-post-thumbnail","6":"product_cat-malerei","7":"product_cat-mit-24-original-aquarellen","8":"product_cat-paedagogik","9":"product_cat-philosophie","10":"product_cat-zvab","12":"first","13":"instock","14":"purchasable","15":"product-type-simple"},"_links":{"self":[{"href":"https:\/\/antiquariat-steinbach.com\/rarebooks\/wp-json\/wp\/v2\/product\/7905","targetHints":{"allow":["GET"]}}],"collection":[{"href":"https:\/\/antiquariat-steinbach.com\/rarebooks\/wp-json\/wp\/v2\/product"}],"about":[{"href":"https:\/\/antiquariat-steinbach.com\/rarebooks\/wp-json\/wp\/v2\/types\/product"}],"version-history":[{"count":3,"href":"https:\/\/antiquariat-steinbach.com\/rarebooks\/wp-json\/wp\/v2\/product\/7905\/revisions"}],"predecessor-version":[{"id":21866,"href":"https:\/\/antiquariat-steinbach.com\/rarebooks\/wp-json\/wp\/v2\/product\/7905\/revisions\/21866"}],"wp:featuredmedia":[{"embeddable":true,"href":"https:\/\/antiquariat-steinbach.com\/rarebooks\/wp-json\/wp\/v2\/media\/17654"}],"wp:attachment":[{"href":"https:\/\/antiquariat-steinbach.com\/rarebooks\/wp-json\/wp\/v2\/media?parent=7905"}],"wp:term":[{"taxonomy":"product_brand","embeddable":true,"href":"https:\/\/antiquariat-steinbach.com\/rarebooks\/wp-json\/wp\/v2\/product_brand?post=7905"},{"taxonomy":"product_cat","embeddable":true,"href":"https:\/\/antiquariat-steinbach.com\/rarebooks\/wp-json\/wp\/v2\/product_cat?post=7905"},{"taxonomy":"product_tag","embeddable":true,"href":"https:\/\/antiquariat-steinbach.com\/rarebooks\/wp-json\/wp\/v2\/product_tag?post=7905"}],"curies":[{"name":"wp","href":"https:\/\/api.w.org\/{rel}","templated":true}]}}