{"id":7869,"date":"2026-03-12T00:23:00","date_gmt":"2026-03-11T23:23:00","guid":{"rendered":"http:\/\/antiquariat-steinbach.com\/rarebooks\/produkt\/das-hohelied-lyrische-dichtung\/"},"modified":"2026-03-12T00:23:02","modified_gmt":"2026-03-11T23:23:02","slug":"stamm-karl-das-hohelied-lyrische-dichtung","status":"publish","type":"product","link":"https:\/\/antiquariat-steinbach.com\/rarebooks\/produkt\/stamm-karl-das-hohelied-lyrische-dichtung\/","title":{"rendered":"Stamm Karl. &#8211;  Das hohelied. Lyrische Dichtung."},"content":{"rendered":"<p>Z\u00fcrich. Orell F\u00fc\u00dfli. 1913<\/p>\n<p>27 : 22cm. Half vellum.<\/p>\n<p>50,00 EUR<\/p>\n","protected":false},"excerpt":{"rendered":"<p>147 Pages., with 1 orignal edging and many illustrations by Edward Gubler. Half vellum. First edition of the first publication from Swiss expressionist Karl Stamm. With beautiful orginal edging by Edward Gubler.<\/p>\n","protected":false},"featured_media":17638,"template":"","meta":[],"product_brand":[],"product_cat":[365,43,140,914],"product_tag":[],"class_list":{"0":"post-7869","1":"product","2":"type-product","3":"status-publish","4":"has-post-thumbnail","6":"product_cat-365","7":"product_cat-illustrierte-buecher","8":"product_cat-jhdt","9":"product_cat-zvab","11":"first","12":"instock","13":"purchasable","14":"product-type-simple"},"_links":{"self":[{"href":"https:\/\/antiquariat-steinbach.com\/rarebooks\/wp-json\/wp\/v2\/product\/7869","targetHints":{"allow":["GET"]}}],"collection":[{"href":"https:\/\/antiquariat-steinbach.com\/rarebooks\/wp-json\/wp\/v2\/product"}],"about":[{"href":"https:\/\/antiquariat-steinbach.com\/rarebooks\/wp-json\/wp\/v2\/types\/product"}],"version-history":[{"count":4,"href":"https:\/\/antiquariat-steinbach.com\/rarebooks\/wp-json\/wp\/v2\/product\/7869\/revisions"}],"predecessor-version":[{"id":21845,"href":"https:\/\/antiquariat-steinbach.com\/rarebooks\/wp-json\/wp\/v2\/product\/7869\/revisions\/21845"}],"wp:featuredmedia":[{"embeddable":true,"href":"https:\/\/antiquariat-steinbach.com\/rarebooks\/wp-json\/wp\/v2\/media\/17638"}],"wp:attachment":[{"href":"https:\/\/antiquariat-steinbach.com\/rarebooks\/wp-json\/wp\/v2\/media?parent=7869"}],"wp:term":[{"taxonomy":"product_brand","embeddable":true,"href":"https:\/\/antiquariat-steinbach.com\/rarebooks\/wp-json\/wp\/v2\/product_brand?post=7869"},{"taxonomy":"product_cat","embeddable":true,"href":"https:\/\/antiquariat-steinbach.com\/rarebooks\/wp-json\/wp\/v2\/product_cat?post=7869"},{"taxonomy":"product_tag","embeddable":true,"href":"https:\/\/antiquariat-steinbach.com\/rarebooks\/wp-json\/wp\/v2\/product_tag?post=7869"}],"curies":[{"name":"wp","href":"https:\/\/api.w.org\/{rel}","templated":true}]}}