{"id":783,"date":"2026-03-12T00:00:55","date_gmt":"2026-03-11T23:00:55","guid":{"rendered":"http:\/\/antiquariat-steinbach.com\/rarebooks\/produkt\/autograph-letter-signed-prein-an-der-rax-10-ix-1916\/"},"modified":"2026-03-12T00:00:55","modified_gmt":"2026-03-11T23:00:55","slug":"autograph-stoehr-adolf-philosopher-and-psychoanalyst-1855-1921-autograph-letter-signed-prein-an-der-rax-10-ix-1916","status":"publish","type":"product","link":"https:\/\/antiquariat-steinbach.com\/rarebooks\/produkt\/autograph-stoehr-adolf-philosopher-and-psychoanalyst-1855-1921-autograph-letter-signed-prein-an-der-rax-10-ix-1916\/","title":{"rendered":"Autograph &#8211;   St\u00f6hr, Adolf. Philosopher and Psychoanalyst (1855-1921). &#8211;  Autograph letter, signed. Prein an der Rax 10.IX.1916."},"content":{"rendered":"<p>Prein an der Rax, 1916.<\/p>\n<p>27 : 21 cm. 2 1\/2 pages.<\/p>\n<p>90,00 EUR<\/p>\n","protected":false},"excerpt":{"rendered":"<p>To an unknown young lady: &#8222;Ich habe (Ihre) Bernheimer Abhandlung mit Schaudern gelesen und Ihr Piet\u00e4tsopfer verstanden. Neue und fruchtbare Perspektiven  habe ich nicht finden k\u00f6nnen, h\u00f6chstens neue und &#8218;eigenartige&#8216;, oder besser gesagt, nur &#8218;eigenartige&#8216; (&#8230;)Die ganze Denkweise Bernheimers war unpsychologisch und unphysikalisch. Alle Beispiele wirken auf einem normalen Verstand geradezu aufreizend. Das Menschsein (da haben wir schon wieder das ewige Sein) ist freilich nicht die alleinige Ursache des Sterblichseins. Aber das Leben ist ein Prozess, dessen Ende Tod hei\u00dft und ist; aus Ursachen, die das Leben selbst sind. Genau so, wie beim W\u00fcrfelspiel das Auftreffen der W\u00fcrfel das nat\u00fcrliche Ende des Wurfes sind (&#8230;)&#8220;.<\/p>\n","protected":false},"featured_media":0,"template":"","meta":[],"product_brand":[],"product_cat":[71,186,187,196,914],"product_tag":[],"class_list":{"0":"post-783","1":"product","2":"type-product","3":"status-publish","5":"product_cat-austriaca","6":"product_cat-autographen","7":"product_cat-philosophie","8":"product_cat-psychologie","9":"product_cat-zvab","11":"first","12":"instock","13":"purchasable","14":"product-type-simple"},"_links":{"self":[{"href":"https:\/\/antiquariat-steinbach.com\/rarebooks\/wp-json\/wp\/v2\/product\/783","targetHints":{"allow":["GET"]}}],"collection":[{"href":"https:\/\/antiquariat-steinbach.com\/rarebooks\/wp-json\/wp\/v2\/product"}],"about":[{"href":"https:\/\/antiquariat-steinbach.com\/rarebooks\/wp-json\/wp\/v2\/types\/product"}],"version-history":[{"count":3,"href":"https:\/\/antiquariat-steinbach.com\/rarebooks\/wp-json\/wp\/v2\/product\/783\/revisions"}],"predecessor-version":[{"id":18577,"href":"https:\/\/antiquariat-steinbach.com\/rarebooks\/wp-json\/wp\/v2\/product\/783\/revisions\/18577"}],"wp:attachment":[{"href":"https:\/\/antiquariat-steinbach.com\/rarebooks\/wp-json\/wp\/v2\/media?parent=783"}],"wp:term":[{"taxonomy":"product_brand","embeddable":true,"href":"https:\/\/antiquariat-steinbach.com\/rarebooks\/wp-json\/wp\/v2\/product_brand?post=783"},{"taxonomy":"product_cat","embeddable":true,"href":"https:\/\/antiquariat-steinbach.com\/rarebooks\/wp-json\/wp\/v2\/product_cat?post=783"},{"taxonomy":"product_tag","embeddable":true,"href":"https:\/\/antiquariat-steinbach.com\/rarebooks\/wp-json\/wp\/v2\/product_tag?post=783"}],"curies":[{"name":"wp","href":"https:\/\/api.w.org\/{rel}","templated":true}]}}