{"id":7745,"date":"2026-03-12T00:22:50","date_gmt":"2026-03-11T23:22:50","guid":{"rendered":"http:\/\/antiquariat-steinbach.com\/rarebooks\/produkt\/herodias\/"},"modified":"2026-03-12T00:22:51","modified_gmt":"2026-03-11T23:22:51","slug":"slevogt-flaubert-gustave-herodias","status":"publish","type":"product","link":"https:\/\/antiquariat-steinbach.com\/rarebooks\/produkt\/slevogt-flaubert-gustave-herodias\/","title":{"rendered":"Slevogt &#8211;   Flaubert, Gustave: &#8211;  Herodias."},"content":{"rendered":"<p>Berlin, Reiss 1919.<\/p>\n<p>38 : 34 cm. 18 Blatt 6 signierte Original-Lithographien von Max Slevogt. Original-Pergamentband, Deckeltitel in Gold, Kopfgoldschnitt.<\/p>\n<p>1500,00 EUR<\/p>\n","protected":false},"excerpt":{"rendered":"<p>Eines von 50 numerierten Exemplaren der Vorzugsausgabe, in der s\u00e4mtliche Lithographien vom K\u00fcnstler signiert sind. Auf handgesch\u00f6pftem Zandersb\u00fctten. Einbandentwurf von L. Bernhard, gebunden von Otto Dorfner in Weimar. 7. Prospero-Druck. &#8211; R\u00fcmann 21 a.<\/p>\n","protected":false},"featured_media":17606,"template":"","meta":[],"product_brand":[],"product_cat":[29,43,914],"product_tag":[],"class_list":{"0":"post-7745","1":"product","2":"type-product","3":"status-publish","4":"has-post-thumbnail","6":"product_cat-20-jahrhundert","7":"product_cat-illustrierte-buecher","8":"product_cat-zvab","10":"first","11":"instock","12":"purchasable","13":"product-type-simple"},"_links":{"self":[{"href":"https:\/\/antiquariat-steinbach.com\/rarebooks\/wp-json\/wp\/v2\/product\/7745","targetHints":{"allow":["GET"]}}],"collection":[{"href":"https:\/\/antiquariat-steinbach.com\/rarebooks\/wp-json\/wp\/v2\/product"}],"about":[{"href":"https:\/\/antiquariat-steinbach.com\/rarebooks\/wp-json\/wp\/v2\/types\/product"}],"version-history":[{"count":3,"href":"https:\/\/antiquariat-steinbach.com\/rarebooks\/wp-json\/wp\/v2\/product\/7745\/revisions"}],"predecessor-version":[{"id":21782,"href":"https:\/\/antiquariat-steinbach.com\/rarebooks\/wp-json\/wp\/v2\/product\/7745\/revisions\/21782"}],"wp:featuredmedia":[{"embeddable":true,"href":"https:\/\/antiquariat-steinbach.com\/rarebooks\/wp-json\/wp\/v2\/media\/17606"}],"wp:attachment":[{"href":"https:\/\/antiquariat-steinbach.com\/rarebooks\/wp-json\/wp\/v2\/media?parent=7745"}],"wp:term":[{"taxonomy":"product_brand","embeddable":true,"href":"https:\/\/antiquariat-steinbach.com\/rarebooks\/wp-json\/wp\/v2\/product_brand?post=7745"},{"taxonomy":"product_cat","embeddable":true,"href":"https:\/\/antiquariat-steinbach.com\/rarebooks\/wp-json\/wp\/v2\/product_cat?post=7745"},{"taxonomy":"product_tag","embeddable":true,"href":"https:\/\/antiquariat-steinbach.com\/rarebooks\/wp-json\/wp\/v2\/product_tag?post=7745"}],"curies":[{"name":"wp","href":"https:\/\/api.w.org\/{rel}","templated":true}]}}