{"id":765,"date":"2026-03-12T00:00:53","date_gmt":"2026-03-11T23:00:53","guid":{"rendered":"http:\/\/antiquariat-steinbach.com\/rarebooks\/produkt\/autograph-letter-signed-no-place-no-date\/"},"modified":"2026-03-12T00:00:54","modified_gmt":"2026-03-11T23:00:54","slug":"autograph-lewinsky-josef-actor-and-director-1835-1907-autograph-letter-signed-no-place-no-date","status":"publish","type":"product","link":"https:\/\/antiquariat-steinbach.com\/rarebooks\/produkt\/autograph-lewinsky-josef-actor-and-director-1835-1907-autograph-letter-signed-no-place-no-date\/","title":{"rendered":"Autograph &#8211;   Lewinsky, Josef. Actor and director (1835-1907). &#8211;  Autograph letter, signed, no place, no date."},"content":{"rendered":"<p>23,5 : 14 cm. 2 pages on a double leaf.<\/p>\n<p>90,00 EUR<\/p>\n","protected":false},"excerpt":{"rendered":"<p>To somebody unknown: &#8222;(&#8230;) Ich bin sehr betr\u00fcbt, da\u00df ich diesmal nicht von Ihrer so gro\u00dfen Liebensw\u00fcrdigkeit Gebrauch machen kann, ich bin schon l\u00e4ngst im Kreise meiner Collegen f\u00fcr diesen Abend engagiert. Ich bitte recht sehr, mich dies nicht entgehen zu lassen und mich bald wieder Ihre geistvolle und liebensw\u00fcrdige Unterhaltung genie\u00dfen zu lassen (&#8230;)&#8220;. &#8211; Edges rubbed.<\/p>\n","protected":false},"featured_media":0,"template":"","meta":[],"product_brand":[],"product_cat":[186,145,914],"product_tag":[],"class_list":{"0":"post-765","1":"product","2":"type-product","3":"status-publish","5":"product_cat-autographen","6":"product_cat-theater","7":"product_cat-zvab","9":"first","10":"instock","11":"purchasable","12":"product-type-simple"},"_links":{"self":[{"href":"https:\/\/antiquariat-steinbach.com\/rarebooks\/wp-json\/wp\/v2\/product\/765","targetHints":{"allow":["GET"]}}],"collection":[{"href":"https:\/\/antiquariat-steinbach.com\/rarebooks\/wp-json\/wp\/v2\/product"}],"about":[{"href":"https:\/\/antiquariat-steinbach.com\/rarebooks\/wp-json\/wp\/v2\/types\/product"}],"version-history":[{"count":3,"href":"https:\/\/antiquariat-steinbach.com\/rarebooks\/wp-json\/wp\/v2\/product\/765\/revisions"}],"predecessor-version":[{"id":18568,"href":"https:\/\/antiquariat-steinbach.com\/rarebooks\/wp-json\/wp\/v2\/product\/765\/revisions\/18568"}],"wp:attachment":[{"href":"https:\/\/antiquariat-steinbach.com\/rarebooks\/wp-json\/wp\/v2\/media?parent=765"}],"wp:term":[{"taxonomy":"product_brand","embeddable":true,"href":"https:\/\/antiquariat-steinbach.com\/rarebooks\/wp-json\/wp\/v2\/product_brand?post=765"},{"taxonomy":"product_cat","embeddable":true,"href":"https:\/\/antiquariat-steinbach.com\/rarebooks\/wp-json\/wp\/v2\/product_cat?post=765"},{"taxonomy":"product_tag","embeddable":true,"href":"https:\/\/antiquariat-steinbach.com\/rarebooks\/wp-json\/wp\/v2\/product_tag?post=765"}],"curies":[{"name":"wp","href":"https:\/\/api.w.org\/{rel}","templated":true}]}}