{"id":7649,"date":"2026-03-12T00:22:41","date_gmt":"2026-03-11T23:22:41","guid":{"rendered":"http:\/\/antiquariat-steinbach.com\/rarebooks\/produkt\/seibt-industriekatalog\/"},"modified":"2026-03-12T00:22:43","modified_gmt":"2026-03-11T23:22:43","slug":"seibt-a-seibt-industriekatalog","status":"publish","type":"product","link":"https:\/\/antiquariat-steinbach.com\/rarebooks\/produkt\/seibt-a-seibt-industriekatalog\/","title":{"rendered":"Seibt, A. &#8211;  Seibt Industriekatalog."},"content":{"rendered":"<p>M\u00fcnchen, Seibt-Verlag, 1955.<\/p>\n<p>13. Auflage. 30,5 : 21 cm. 1422, 75, 4 Seiten, mit vielen Abbildungen. Illustrierter Original-Leinenband.<\/p>\n<p>120,00 EUR<\/p>\n","protected":false},"excerpt":{"rendered":"<p>Das Verzeichnis der deutschen Industrie. In 150 Abteilungen und Unterabteilungen werden s\u00e4mtliche Industriezweige aufgef\u00fchrt: Amaturen, Machinenelementen, Rohrleitungen, Druckluftanlagen, Zimmerei- u. Tischlerei-Universalmaschinen, B\u00fcrobedarfsartikel, Schiffsausr\u00fcstungen, Kupfer-, Zink- und Bronzewaren, Basar- und Andenkenartikel, Drogen- und Gerbstoffe, Damen- und Kinderbekleidung u.v.m. Ferner ein Import-Export Verzeichnis und ein Warenverzeichnis. Ein unentbehrliches Verzeichniss der deutschen Industrie der 1950-iger Jahre.<\/p>\n","protected":false},"featured_media":0,"template":"","meta":[],"product_brand":[],"product_cat":[29,56,259,456,126,914],"product_tag":[],"class_list":{"0":"post-7649","1":"product","2":"type-product","3":"status-publish","5":"product_cat-20-jahrhundert","6":"product_cat-handel","7":"product_cat-handwerk","8":"product_cat-haustechnik","9":"product_cat-industrie","10":"product_cat-zvab","12":"first","13":"instock","14":"purchasable","15":"product-type-simple"},"_links":{"self":[{"href":"https:\/\/antiquariat-steinbach.com\/rarebooks\/wp-json\/wp\/v2\/product\/7649","targetHints":{"allow":["GET"]}}],"collection":[{"href":"https:\/\/antiquariat-steinbach.com\/rarebooks\/wp-json\/wp\/v2\/product"}],"about":[{"href":"https:\/\/antiquariat-steinbach.com\/rarebooks\/wp-json\/wp\/v2\/types\/product"}],"version-history":[{"count":3,"href":"https:\/\/antiquariat-steinbach.com\/rarebooks\/wp-json\/wp\/v2\/product\/7649\/revisions"}],"predecessor-version":[{"id":21739,"href":"https:\/\/antiquariat-steinbach.com\/rarebooks\/wp-json\/wp\/v2\/product\/7649\/revisions\/21739"}],"wp:attachment":[{"href":"https:\/\/antiquariat-steinbach.com\/rarebooks\/wp-json\/wp\/v2\/media?parent=7649"}],"wp:term":[{"taxonomy":"product_brand","embeddable":true,"href":"https:\/\/antiquariat-steinbach.com\/rarebooks\/wp-json\/wp\/v2\/product_brand?post=7649"},{"taxonomy":"product_cat","embeddable":true,"href":"https:\/\/antiquariat-steinbach.com\/rarebooks\/wp-json\/wp\/v2\/product_cat?post=7649"},{"taxonomy":"product_tag","embeddable":true,"href":"https:\/\/antiquariat-steinbach.com\/rarebooks\/wp-json\/wp\/v2\/product_tag?post=7649"}],"curies":[{"name":"wp","href":"https:\/\/api.w.org\/{rel}","templated":true}]}}