{"id":7565,"date":"2026-03-12T00:22:34","date_gmt":"2026-03-11T23:22:34","guid":{"rendered":"http:\/\/antiquariat-steinbach.com\/rarebooks\/produkt\/neue-weltliche-hochteutsche-reime-enthaltend-die-abentheyerliche-doch-wahrhaftige-historiam-von-der-wunderschoenen-prinzessin-europa-und-jupiter-item-zeus\/"},"modified":"2026-03-12T00:22:35","modified_gmt":"2026-03-11T23:22:35","slug":"schwetz-buerger-gottfried-august-neue-weltliche-hochteutsche-reime-enthaltend-die-abentheyerliche-doch-wahrhaftige-historiam-von-der-wunderschoenen-prinzessin-europa-und-jupiter-item-ze","status":"publish","type":"product","link":"https:\/\/antiquariat-steinbach.com\/rarebooks\/produkt\/schwetz-buerger-gottfried-august-neue-weltliche-hochteutsche-reime-enthaltend-die-abentheyerliche-doch-wahrhaftige-historiam-von-der-wunderschoenen-prinzessin-europa-und-jupiter-item-ze\/","title":{"rendered":"Schwetz &#8211;   B\u00fcrger, Gottfried August: &#8211;  Neue weltliche hochteutsche Reime, enthaltend die abentheyerliche, doch wahrhaftige historiam von der wundersch\u00f6nen&#8230;Prinzessin Europa und&#8230;Jupiter item Zeus.."},"content":{"rendered":"<p>Wien und Leipzig, Heidrich (1920).<\/p>\n<p>33 : 22,5 cm. 16 Blatt mit 4 ganzseitigen Illustrationen und 1 Vignette von Karl Schwetz. Illustrierter Original-Halblederband.<\/p>\n<p>89,00 EUR<\/p>\n","protected":false},"excerpt":{"rendered":"<p>Eines von 350 numerierten Exemplaren der einmaligen Auflage. Druckvermerk vom K\u00fcnstler signiert. Mit duftig erotischen Illustrationen. Den Text schrieb Herta Ramsauer, Sch\u00fclerin von Rudolf Larisch. Einband von F. Rollinger. &#8211; &#8222;Die Blaue  Blume&#8220;, Band 2. &#8211; R\u00fccken gering berieben. &#8211; Rodenberg S. 340.<\/p>\n","protected":false},"featured_media":22651,"template":"","meta":[],"product_brand":[],"product_cat":[29,43,914],"product_tag":[],"class_list":{"0":"post-7565","1":"product","2":"type-product","3":"status-publish","4":"has-post-thumbnail","6":"product_cat-20-jahrhundert","7":"product_cat-illustrierte-buecher","8":"product_cat-zvab","10":"first","11":"instock","12":"purchasable","13":"product-type-simple"},"_links":{"self":[{"href":"https:\/\/antiquariat-steinbach.com\/rarebooks\/wp-json\/wp\/v2\/product\/7565","targetHints":{"allow":["GET"]}}],"collection":[{"href":"https:\/\/antiquariat-steinbach.com\/rarebooks\/wp-json\/wp\/v2\/product"}],"about":[{"href":"https:\/\/antiquariat-steinbach.com\/rarebooks\/wp-json\/wp\/v2\/types\/product"}],"version-history":[{"count":4,"href":"https:\/\/antiquariat-steinbach.com\/rarebooks\/wp-json\/wp\/v2\/product\/7565\/revisions"}],"predecessor-version":[{"id":22650,"href":"https:\/\/antiquariat-steinbach.com\/rarebooks\/wp-json\/wp\/v2\/product\/7565\/revisions\/22650"}],"wp:featuredmedia":[{"embeddable":true,"href":"https:\/\/antiquariat-steinbach.com\/rarebooks\/wp-json\/wp\/v2\/media\/22651"}],"wp:attachment":[{"href":"https:\/\/antiquariat-steinbach.com\/rarebooks\/wp-json\/wp\/v2\/media?parent=7565"}],"wp:term":[{"taxonomy":"product_brand","embeddable":true,"href":"https:\/\/antiquariat-steinbach.com\/rarebooks\/wp-json\/wp\/v2\/product_brand?post=7565"},{"taxonomy":"product_cat","embeddable":true,"href":"https:\/\/antiquariat-steinbach.com\/rarebooks\/wp-json\/wp\/v2\/product_cat?post=7565"},{"taxonomy":"product_tag","embeddable":true,"href":"https:\/\/antiquariat-steinbach.com\/rarebooks\/wp-json\/wp\/v2\/product_tag?post=7565"}],"curies":[{"name":"wp","href":"https:\/\/api.w.org\/{rel}","templated":true}]}}