{"id":7541,"date":"2026-03-12T00:22:31","date_gmt":"2026-03-11T23:22:31","guid":{"rendered":"http:\/\/antiquariat-steinbach.com\/rarebooks\/produkt\/aufbruch-und-erfuellung-gebrauchsgraphik-der-wiener-moderne-1897-1918\/"},"modified":"2026-03-12T00:22:33","modified_gmt":"2026-03-11T23:22:33","slug":"schweiger-werner-j-aufbruch-und-erfuellung-gebrauchsgraphik-der-wiener-moderne-1897-1918","status":"publish","type":"product","link":"https:\/\/antiquariat-steinbach.com\/rarebooks\/produkt\/schweiger-werner-j-aufbruch-und-erfuellung-gebrauchsgraphik-der-wiener-moderne-1897-1918\/","title":{"rendered":"Schweiger, Werner J. &#8211;  Aufbruch und Erf\u00fcllung. Gebrauchsgraphik der Wiener Moderne 1897-1918."},"content":{"rendered":"<p>Wien-M\u00fcnchen, Brandst\u00e4tter, 1988.<\/p>\n<p>30 : 25 cm. 224 pages with 835 illustrations, 365 in colour. Original cloth with coloured illustrated original dust jacket.<\/p>\n<p>48,00 EUR<\/p>\n","protected":false},"excerpt":{"rendered":"<p>An indispensable reference book on advertising art around of the turn of the 20th century in Veinna showing bank-notes, postal stamps, book art, invitations, exlibris, initials, calendars, catalogues, posters, advertising, menus, stocks, journals etc. Wonderful publication which also includes works by the Wiener Werkst\u00e4tte.<\/p>\n","protected":false},"featured_media":0,"template":"","meta":[],"product_brand":[],"product_cat":[29,93,789,257,914],"product_tag":[],"class_list":{"0":"post-7541","1":"product","2":"type-product","3":"status-publish","5":"product_cat-20-jahrhundert","6":"product_cat-design","7":"product_cat-reklame","8":"product_cat-wiener-werkstaette","9":"product_cat-zvab","11":"first","12":"instock","13":"purchasable","14":"product-type-simple"},"_links":{"self":[{"href":"https:\/\/antiquariat-steinbach.com\/rarebooks\/wp-json\/wp\/v2\/product\/7541","targetHints":{"allow":["GET"]}}],"collection":[{"href":"https:\/\/antiquariat-steinbach.com\/rarebooks\/wp-json\/wp\/v2\/product"}],"about":[{"href":"https:\/\/antiquariat-steinbach.com\/rarebooks\/wp-json\/wp\/v2\/types\/product"}],"version-history":[{"count":3,"href":"https:\/\/antiquariat-steinbach.com\/rarebooks\/wp-json\/wp\/v2\/product\/7541\/revisions"}],"predecessor-version":[{"id":21681,"href":"https:\/\/antiquariat-steinbach.com\/rarebooks\/wp-json\/wp\/v2\/product\/7541\/revisions\/21681"}],"wp:attachment":[{"href":"https:\/\/antiquariat-steinbach.com\/rarebooks\/wp-json\/wp\/v2\/media?parent=7541"}],"wp:term":[{"taxonomy":"product_brand","embeddable":true,"href":"https:\/\/antiquariat-steinbach.com\/rarebooks\/wp-json\/wp\/v2\/product_brand?post=7541"},{"taxonomy":"product_cat","embeddable":true,"href":"https:\/\/antiquariat-steinbach.com\/rarebooks\/wp-json\/wp\/v2\/product_cat?post=7541"},{"taxonomy":"product_tag","embeddable":true,"href":"https:\/\/antiquariat-steinbach.com\/rarebooks\/wp-json\/wp\/v2\/product_tag?post=7541"}],"curies":[{"name":"wp","href":"https:\/\/api.w.org\/{rel}","templated":true}]}}