{"id":7525,"date":"2026-03-12T00:22:30","date_gmt":"2026-03-11T23:22:30","guid":{"rendered":"http:\/\/antiquariat-steinbach.com\/rarebooks\/produkt\/zwei-frauen\/"},"modified":"2026-03-12T00:22:31","modified_gmt":"2026-03-11T23:22:31","slug":"schwaiger-rudolf-ebensee-1924-1979-wien-zwei-frauen","status":"publish","type":"product","link":"https:\/\/antiquariat-steinbach.com\/rarebooks\/produkt\/schwaiger-rudolf-ebensee-1924-1979-wien-zwei-frauen\/","title":{"rendered":"Schwaiger, Rudolf (Ebensee 1924 &#8211; 1979 Wien). &#8211;  Zwei Frauen."},"content":{"rendered":"<p>Wien, ca. 1950.<\/p>\n<p>16 : 16 cm Darstellung28,5 : 19,5 Papiergr\u00f6\u00dfe Original Holzschnitt rechts unten nin Bleistift signiert.<\/p>\n<p>70,00 EUR<\/p>\n","protected":false},"excerpt":{"rendered":"<p>Zwei sich gegen\u00fcbersitzende Frauen, rechts oben eine Uhr.  Schwaiger war vor allem f\u00fcr seine Skulpturen bekannt. &#8211; Papierbedingt etwas gebr\u00e4unt.<\/p>\n","protected":false},"featured_media":17526,"template":"","meta":[],"product_brand":[],"product_cat":[29,153,317,90,914],"product_tag":[],"class_list":{"0":"post-7525","1":"product","2":"type-product","3":"status-publish","4":"has-post-thumbnail","6":"product_cat-20-jahrhundert","7":"product_cat-graphik","8":"product_cat-kuenstlergraphik","9":"product_cat-viennensia","10":"product_cat-zvab","12":"first","13":"instock","14":"purchasable","15":"product-type-simple"},"_links":{"self":[{"href":"https:\/\/antiquariat-steinbach.com\/rarebooks\/wp-json\/wp\/v2\/product\/7525","targetHints":{"allow":["GET"]}}],"collection":[{"href":"https:\/\/antiquariat-steinbach.com\/rarebooks\/wp-json\/wp\/v2\/product"}],"about":[{"href":"https:\/\/antiquariat-steinbach.com\/rarebooks\/wp-json\/wp\/v2\/types\/product"}],"version-history":[{"count":3,"href":"https:\/\/antiquariat-steinbach.com\/rarebooks\/wp-json\/wp\/v2\/product\/7525\/revisions"}],"predecessor-version":[{"id":21674,"href":"https:\/\/antiquariat-steinbach.com\/rarebooks\/wp-json\/wp\/v2\/product\/7525\/revisions\/21674"}],"wp:featuredmedia":[{"embeddable":true,"href":"https:\/\/antiquariat-steinbach.com\/rarebooks\/wp-json\/wp\/v2\/media\/17526"}],"wp:attachment":[{"href":"https:\/\/antiquariat-steinbach.com\/rarebooks\/wp-json\/wp\/v2\/media?parent=7525"}],"wp:term":[{"taxonomy":"product_brand","embeddable":true,"href":"https:\/\/antiquariat-steinbach.com\/rarebooks\/wp-json\/wp\/v2\/product_brand?post=7525"},{"taxonomy":"product_cat","embeddable":true,"href":"https:\/\/antiquariat-steinbach.com\/rarebooks\/wp-json\/wp\/v2\/product_cat?post=7525"},{"taxonomy":"product_tag","embeddable":true,"href":"https:\/\/antiquariat-steinbach.com\/rarebooks\/wp-json\/wp\/v2\/product_tag?post=7525"}],"curies":[{"name":"wp","href":"https:\/\/api.w.org\/{rel}","templated":true}]}}