{"id":7213,"date":"2026-03-12T00:22:02","date_gmt":"2026-03-11T23:22:02","guid":{"rendered":"http:\/\/antiquariat-steinbach.com\/rarebooks\/produkt\/die-gute-alte-zeit-geschildet-in-historischen-beitraegen-zur-naeheren-kenntnis-der-sitten-gebaeuche-und-denkart-vornehmlich-des-mittelstandes-in-den-letzten-fuenf-jahrhunderten-nach-groesstenteils\/"},"modified":"2026-03-12T00:22:02","modified_gmt":"2026-03-11T23:22:02","slug":"scheible-j-die-gute-alte-zeit-geschildet-in-historischen-beitraegen-zur-naeheren-kenntnis-der-sitten-gebaeuche-und-denkart-vornehmlich-des-mittelstandes-in-den-letzten-fuenf-jahrhunderten-nac","status":"publish","type":"product","link":"https:\/\/antiquariat-steinbach.com\/rarebooks\/produkt\/scheible-j-die-gute-alte-zeit-geschildet-in-historischen-beitraegen-zur-naeheren-kenntnis-der-sitten-gebaeuche-und-denkart-vornehmlich-des-mittelstandes-in-den-letzten-fuenf-jahrhunderten-nac\/","title":{"rendered":"Scheible, J. &#8211;  Die gute alte Zeit geschildet in historischen Beitr\u00e4gen zur n\u00e4heren Kenntnis der Sitten, Geb\u00e4uche und Denkart, vornehmlich des Mittelstandes, in den letzten f\u00fcnf Jahrhunderten, nach gr\u00f6\u00dftenteils alten und seltenen Druckschriften Mansucripten Flugbl\u00e4ttern etc."},"content":{"rendered":"<p>Stuttgart, Expedition des Klosters, 1847.<\/p>\n<p>Volume 6, 21-24.Zelle. 15,5 : 11,5 cm. XVI, 1106 pages with many illustratins on 71 plates and in the text. Contemporary half cloth, gilt title on spine .<\/p>\n<p>120,00 EUR<\/p>\n","protected":false},"excerpt":{"rendered":"<p>Describes the history of the life in the cities, the costumes, the house-holds, games for children, the joys of dancing, religous and other events etc. Interesting compendium taken from the older german literature. &#8211; Some foxing, binding restored.<\/p>\n","protected":false},"featured_media":0,"template":"","meta":[],"product_brand":[],"product_cat":[74,97,43,59,914],"product_tag":[],"class_list":{"0":"post-7213","1":"product","2":"type-product","3":"status-publish","5":"product_cat-deutschland","6":"product_cat-geschichte","7":"product_cat-illustrierte-buecher","8":"product_cat-kulturgeschichte","9":"product_cat-zvab","11":"first","12":"instock","13":"purchasable","14":"product-type-simple"},"_links":{"self":[{"href":"https:\/\/antiquariat-steinbach.com\/rarebooks\/wp-json\/wp\/v2\/product\/7213","targetHints":{"allow":["GET"]}}],"collection":[{"href":"https:\/\/antiquariat-steinbach.com\/rarebooks\/wp-json\/wp\/v2\/product"}],"about":[{"href":"https:\/\/antiquariat-steinbach.com\/rarebooks\/wp-json\/wp\/v2\/types\/product"}],"version-history":[{"count":3,"href":"https:\/\/antiquariat-steinbach.com\/rarebooks\/wp-json\/wp\/v2\/product\/7213\/revisions"}],"predecessor-version":[{"id":21523,"href":"https:\/\/antiquariat-steinbach.com\/rarebooks\/wp-json\/wp\/v2\/product\/7213\/revisions\/21523"}],"wp:attachment":[{"href":"https:\/\/antiquariat-steinbach.com\/rarebooks\/wp-json\/wp\/v2\/media?parent=7213"}],"wp:term":[{"taxonomy":"product_brand","embeddable":true,"href":"https:\/\/antiquariat-steinbach.com\/rarebooks\/wp-json\/wp\/v2\/product_brand?post=7213"},{"taxonomy":"product_cat","embeddable":true,"href":"https:\/\/antiquariat-steinbach.com\/rarebooks\/wp-json\/wp\/v2\/product_cat?post=7213"},{"taxonomy":"product_tag","embeddable":true,"href":"https:\/\/antiquariat-steinbach.com\/rarebooks\/wp-json\/wp\/v2\/product_tag?post=7213"}],"curies":[{"name":"wp","href":"https:\/\/api.w.org\/{rel}","templated":true}]}}