{"id":721,"date":"2026-04-18T00:00:21","date_gmt":"2026-04-17T22:00:21","guid":{"rendered":"http:\/\/antiquariat-steinbach.com\/rarebooks\/produkt\/2-autograph-letters-signed-and-2-autograph-posstcards-signed-vienna-1911-to-1915\/"},"modified":"2026-04-18T00:00:21","modified_gmt":"2026-04-17T22:00:21","slug":"auitograph-schliessmann-hans-draftsman-and-caricaturist-1852-1920-2-autograph-letters-signed-and-2-autograph-posstcards-signed-vienna-1911-to-1915","status":"publish","type":"product","link":"https:\/\/antiquariat-steinbach.com\/rarebooks\/produkt\/auitograph-schliessmann-hans-draftsman-and-caricaturist-1852-1920-2-autograph-letters-signed-and-2-autograph-posstcards-signed-vienna-1911-to-1915\/","title":{"rendered":"Auitograph &#8211;   Schlie\u00dfmann, Hans. Draftsman and caricaturist. \/1852-1920). &#8211;  2 autograph letters, signed, and 2 autograph posstcards, signed. Vienna, 1911 to 1915."},"content":{"rendered":"<p>Vienna, 1911 &#8211; 1915.<\/p>\n<p>21 : 15 cm. Together 6 pages on 6 leaves.<\/p>\n<p>250,00 EUR<\/p>\n","protected":false},"excerpt":{"rendered":"<p>To Martin Gerlach sen. from Buch- und Kunstverlag Gerlach &#038; Wiedling refering to a friendly meeting (9.XI.1911), thanking for: &#8222;g\u00fctigst \u00fcbersandte Fragmentder &#8218;M.N.N.&#8216; (that is M\u00fcnchner Neueste Nachrichten&#8220;), with the wonderful Gerlach-hymnus from Lux&#8217;s famous plum for the 49th anniversery of the editorial&#8220; (8.V.1912), with the best wishes, &#8222;dass das fr\u00e4nkische W\u00e4sserlein heilkr\u00e4ftig-verj\u00fcngende Wirkung auf Sie aus\u00fcben m\u00f6ge&#8220; (8.VI.1913) and a pessemistic view at the present in the big war:&#8220;(&#8230;)Aber in dieser Epoche des grossen Sterbens, was bedeuten da noch die Schmerzen eines Einzelnen! Man f\u00fchlt sich zu einer Null heruntergesunken, zu enem Atom, zu einem Nichts! Die Geister der Technik, die wir heraufbeschworen, bringen wir nicht mehr los! Sie sind die R\u00e4cher an jenen, die den Idealismus gemordet und an seiner statt den nplattesten, von Zynismus durchtr\u00e4nkten Materialismus in die Welt gesetzt! (revenger to those,who killed the idividualism and instaed have put the plain materialism saturated by cynicism in the world) Die grosse Hetzjagd nach Geld und \u00e4usseren WErten: sie wird ein j\u00e4mmerliches Ende finden&#8230;L\u00e4ngst habe ich mich in&#8217;s Innerste meiner Seelengem\u00e4cher zur\u00fcckgezogen! Es ist just nicht das sonnigste Heim, dieser Audienzsaal f\u00fcr eigene Gedanken: aber wohin soll sich unsereins noch verkriechen, wo es doch schon besser w\u00e4re g\u00e4nzlich zu verduften und zu verdunsten (&#8230;)&#8220; (23.XII.1915).<\/p>\n","protected":false},"featured_media":28885,"template":"","meta":[],"product_brand":[],"product_cat":[186,74,97,187,914],"product_tag":[],"class_list":{"0":"post-721","1":"product","2":"type-product","3":"status-publish","4":"has-post-thumbnail","6":"product_cat-autographen","7":"product_cat-deutschland","8":"product_cat-geschichte","9":"product_cat-philosophie","10":"product_cat-zvab","12":"first","13":"instock","14":"purchasable","15":"product-type-simple"},"_links":{"self":[{"href":"https:\/\/antiquariat-steinbach.com\/rarebooks\/wp-json\/wp\/v2\/product\/721","targetHints":{"allow":["GET"]}}],"collection":[{"href":"https:\/\/antiquariat-steinbach.com\/rarebooks\/wp-json\/wp\/v2\/product"}],"about":[{"href":"https:\/\/antiquariat-steinbach.com\/rarebooks\/wp-json\/wp\/v2\/types\/product"}],"version-history":[{"count":3,"href":"https:\/\/antiquariat-steinbach.com\/rarebooks\/wp-json\/wp\/v2\/product\/721\/revisions"}],"predecessor-version":[{"id":18543,"href":"https:\/\/antiquariat-steinbach.com\/rarebooks\/wp-json\/wp\/v2\/product\/721\/revisions\/18543"}],"wp:featuredmedia":[{"embeddable":true,"href":"https:\/\/antiquariat-steinbach.com\/rarebooks\/wp-json\/wp\/v2\/media\/28885"}],"wp:attachment":[{"href":"https:\/\/antiquariat-steinbach.com\/rarebooks\/wp-json\/wp\/v2\/media?parent=721"}],"wp:term":[{"taxonomy":"product_brand","embeddable":true,"href":"https:\/\/antiquariat-steinbach.com\/rarebooks\/wp-json\/wp\/v2\/product_brand?post=721"},{"taxonomy":"product_cat","embeddable":true,"href":"https:\/\/antiquariat-steinbach.com\/rarebooks\/wp-json\/wp\/v2\/product_cat?post=721"},{"taxonomy":"product_tag","embeddable":true,"href":"https:\/\/antiquariat-steinbach.com\/rarebooks\/wp-json\/wp\/v2\/product_tag?post=721"}],"curies":[{"name":"wp","href":"https:\/\/api.w.org\/{rel}","templated":true}]}}