{"id":7147,"date":"2026-03-12T00:20:52","date_gmt":"2026-03-11T23:20:52","guid":{"rendered":"http:\/\/antiquariat-steinbach.com\/rarebooks\/produkt\/simplizius-simplizissimus-der-raoman-des-dreissigjaehrigen-krieges\/"},"modified":"2026-03-12T00:20:54","modified_gmt":"2026-03-11T23:20:54","slug":"sauerbruch-grimmelshausen-hans-jakobchristoffel-von-simplizius-simplizissimus-der-raoman-des-dreissigjaehrigen-krieges","status":"publish","type":"product","link":"https:\/\/antiquariat-steinbach.com\/rarebooks\/produkt\/sauerbruch-grimmelshausen-hans-jakobchristoffel-von-simplizius-simplizissimus-der-raoman-des-dreissigjaehrigen-krieges\/","title":{"rendered":"Sauerbruch &#8211;   Grimmelshausen, Hans JakobChristoffel von. &#8211;  Simplizius Simplizissimus. Der Raoman des drei\u00dfigj\u00e4hrigen Krieges."},"content":{"rendered":"<p>Berlin, Deutsche Buchgemeinschaft, 1934.<\/p>\n<p>27 : 20 cm.396  396 Seiten, 2 Blatt, mit vielen Illustrationen von Hans Sauerbruch. Illustrierter Original Halblederband mit Rp\u00fcckenblindpr\u00e4gung und R\u00fcckenschild.<\/p>\n<p>25,00 EUR<\/p>\n","protected":false},"excerpt":{"rendered":"<p>Im Druckvermerk vom Bearbeiter und K\u00fcnstler signiert.<\/p>\n","protected":false},"featured_media":0,"template":"","meta":[],"product_brand":[],"product_cat":[29,97,43,264,914],"product_tag":[],"class_list":{"0":"post-7147","1":"product","2":"type-product","3":"status-publish","5":"product_cat-20-jahrhundert","6":"product_cat-geschichte","7":"product_cat-illustrierte-buecher","8":"product_cat-militaria","9":"product_cat-zvab","11":"first","12":"instock","13":"purchasable","14":"product-type-simple"},"_links":{"self":[{"href":"https:\/\/antiquariat-steinbach.com\/rarebooks\/wp-json\/wp\/v2\/product\/7147","targetHints":{"allow":["GET"]}}],"collection":[{"href":"https:\/\/antiquariat-steinbach.com\/rarebooks\/wp-json\/wp\/v2\/product"}],"about":[{"href":"https:\/\/antiquariat-steinbach.com\/rarebooks\/wp-json\/wp\/v2\/types\/product"}],"version-history":[{"count":3,"href":"https:\/\/antiquariat-steinbach.com\/rarebooks\/wp-json\/wp\/v2\/product\/7147\/revisions"}],"predecessor-version":[{"id":21496,"href":"https:\/\/antiquariat-steinbach.com\/rarebooks\/wp-json\/wp\/v2\/product\/7147\/revisions\/21496"}],"wp:attachment":[{"href":"https:\/\/antiquariat-steinbach.com\/rarebooks\/wp-json\/wp\/v2\/media?parent=7147"}],"wp:term":[{"taxonomy":"product_brand","embeddable":true,"href":"https:\/\/antiquariat-steinbach.com\/rarebooks\/wp-json\/wp\/v2\/product_brand?post=7147"},{"taxonomy":"product_cat","embeddable":true,"href":"https:\/\/antiquariat-steinbach.com\/rarebooks\/wp-json\/wp\/v2\/product_cat?post=7147"},{"taxonomy":"product_tag","embeddable":true,"href":"https:\/\/antiquariat-steinbach.com\/rarebooks\/wp-json\/wp\/v2\/product_tag?post=7147"}],"curies":[{"name":"wp","href":"https:\/\/api.w.org\/{rel}","templated":true}]}}