{"id":7081,"date":"2026-03-12T00:20:44","date_gmt":"2026-03-11T23:20:44","guid":{"rendered":"http:\/\/antiquariat-steinbach.com\/rarebooks\/produkt\/das-koenigreich-sachsen-und-seine-fuersten\/"},"modified":"2026-03-12T00:20:45","modified_gmt":"2026-03-11T23:20:45","slug":"sachsen-koehler-johann-august-ernst-das-koenigreich-sachsen-und-seine-fuersten","status":"publish","type":"product","link":"https:\/\/antiquariat-steinbach.com\/rarebooks\/produkt\/sachsen-koehler-johann-august-ernst-das-koenigreich-sachsen-und-seine-fuersten\/","title":{"rendered":"Sachsen &#8211;   K\u00f6hler, Johann August Ernst: &#8211;  Das K\u00f6nigreich Sachsen und seine F\u00fcrsten."},"content":{"rendered":"<p>Leipzig, Hirschfeld 1889.<\/p>\n<p>2. Auflage. 22,5 : 15 cm. VI, 306 Seiten mit 26 Bilnissen. Farbig illustrierter Original-Leinenband.<\/p>\n<p>75,00 EUR<\/p>\n","protected":false},"excerpt":{"rendered":"<p>Auf dem Vorderdeckel: Gabe der Stadt Leipzig zur 800j\u00e4hrigen Jubelfeier des Hauses Wettin 1089-1889.<\/p>\n","protected":false},"featured_media":0,"template":"","meta":[],"product_brand":[],"product_cat":[74,342,65,914],"product_tag":[],"class_list":{"0":"post-7081","1":"product","2":"type-product","3":"status-publish","5":"product_cat-deutschland","6":"product_cat-ffm11","7":"product_cat-geographie","8":"product_cat-zvab","10":"first","11":"instock","12":"purchasable","13":"product-type-simple"},"_links":{"self":[{"href":"https:\/\/antiquariat-steinbach.com\/rarebooks\/wp-json\/wp\/v2\/product\/7081","targetHints":{"allow":["GET"]}}],"collection":[{"href":"https:\/\/antiquariat-steinbach.com\/rarebooks\/wp-json\/wp\/v2\/product"}],"about":[{"href":"https:\/\/antiquariat-steinbach.com\/rarebooks\/wp-json\/wp\/v2\/types\/product"}],"version-history":[{"count":3,"href":"https:\/\/antiquariat-steinbach.com\/rarebooks\/wp-json\/wp\/v2\/product\/7081\/revisions"}],"predecessor-version":[{"id":21466,"href":"https:\/\/antiquariat-steinbach.com\/rarebooks\/wp-json\/wp\/v2\/product\/7081\/revisions\/21466"}],"wp:attachment":[{"href":"https:\/\/antiquariat-steinbach.com\/rarebooks\/wp-json\/wp\/v2\/media?parent=7081"}],"wp:term":[{"taxonomy":"product_brand","embeddable":true,"href":"https:\/\/antiquariat-steinbach.com\/rarebooks\/wp-json\/wp\/v2\/product_brand?post=7081"},{"taxonomy":"product_cat","embeddable":true,"href":"https:\/\/antiquariat-steinbach.com\/rarebooks\/wp-json\/wp\/v2\/product_cat?post=7081"},{"taxonomy":"product_tag","embeddable":true,"href":"https:\/\/antiquariat-steinbach.com\/rarebooks\/wp-json\/wp\/v2\/product_tag?post=7081"}],"curies":[{"name":"wp","href":"https:\/\/api.w.org\/{rel}","templated":true}]}}