{"id":6761,"date":"2026-03-12T00:20:17","date_gmt":"2026-03-11T23:20:17","guid":{"rendered":"http:\/\/antiquariat-steinbach.com\/rarebooks\/produkt\/handbuch-der-nord-und-westkueste-spaniens-und-portugals-mittelmeer-handbuch-segelhandbuch\/"},"modified":"2026-03-12T00:20:19","modified_gmt":"2026-03-11T23:20:19","slug":"reichs-marine-amtherausgeber-handbuch-der-nord-und-westkueste-spaniens-und-portugals-mittelmeer-handbuch-segelhandbuch","status":"publish","type":"product","link":"https:\/\/antiquariat-steinbach.com\/rarebooks\/produkt\/reichs-marine-amtherausgeber-handbuch-der-nord-und-westkueste-spaniens-und-portugals-mittelmeer-handbuch-segelhandbuch\/","title":{"rendered":"Reichs-Marine-Amt(Herausgeber): &#8211;  Handbuch der Nord- und Westk\u00fcste Spaniens und Portugals &#8211; Mittelmeer-Handbuch &#8211; Segelhandbuch."},"content":{"rendered":"<p>Berlin, Mittler 1907 &#8211; 1923.<\/p>\n<p>6 B\u00e4nde. 23,6 : 17 cm. Mit zusammen 785 K\u00fcstenansichten im Text und auf Tafeln. Original-Leinenb\u00e4nde.<\/p>\n<p>980,00 EUR<\/p>\n","protected":false},"excerpt":{"rendered":"<p>Die komplette Reihe der K\u00fcstenansichten Spaniens und des Mittelmeeres setzt sich wie folgt zusammen: Band 1: Handbuch der Nord- und Westk\u00fcste Spaniens und Portugals, 1. Teil: Die Nordk\u00fcste Spaniens. &#8211; Band 2: Handbuch der Nord- und Westk\u00fcste Spaniens und Portugals, 2. Teil: Portugal und S\u00fcdwestk\u00fcste Spaniens. &#8211; Band 3: Mittelmeer-Handbuch, 3. Teil: Die Nordk\u00fcste von Afrika. 2. Auflage. &#8211; Band 4: Mittelmeer-Handbuch, 4. Teil: Griechenland und Kreta.  3. Auflage. &#8211; Band 5: Mittelmeer-Handbuch, 5. Teil: Die Levante.  2. Auflage. Band 1 &#8211; 5 jeweils mit den Beiheften: Nachtr\u00e4ge und Erg\u00e4nzungen. &#8211; Band 6: Segelhandbuch f\u00fcr das Mittelmeer. 6. Teil: Das Adriatische Meer. (Ohne die 308 K\u00fcstenansichten, die separat erschienen sind). &#8211; Jeweils mit \u00dcbersichtskarten und reliefartigen, detaillierten K\u00fcstenansichten. Dazu jeweils die genaue Beschreibung der K\u00fcsten und deren St\u00e4dte. &#8218;Unentbehrlich f\u00fcr jeden Seefahrer&#8216;. In dieser Komplettheit selten. &#8211; Einb\u00e4nde nur gering berieben, sonst gutes Exemplar.<\/p>\n","protected":false},"featured_media":15831,"template":"","meta":[],"product_brand":[],"product_cat":[800,65,241,914],"product_tag":[],"class_list":{"0":"post-6761","1":"product","2":"type-product","3":"status-publish","4":"has-post-thumbnail","6":"product_cat-die-kuesten-des-mittelmeeres","7":"product_cat-geographie","8":"product_cat-marine-seefahrt","9":"product_cat-zvab","11":"first","12":"instock","13":"purchasable","14":"product-type-simple"},"_links":{"self":[{"href":"https:\/\/antiquariat-steinbach.com\/rarebooks\/wp-json\/wp\/v2\/product\/6761","targetHints":{"allow":["GET"]}}],"collection":[{"href":"https:\/\/antiquariat-steinbach.com\/rarebooks\/wp-json\/wp\/v2\/product"}],"about":[{"href":"https:\/\/antiquariat-steinbach.com\/rarebooks\/wp-json\/wp\/v2\/types\/product"}],"version-history":[{"count":3,"href":"https:\/\/antiquariat-steinbach.com\/rarebooks\/wp-json\/wp\/v2\/product\/6761\/revisions"}],"predecessor-version":[{"id":21314,"href":"https:\/\/antiquariat-steinbach.com\/rarebooks\/wp-json\/wp\/v2\/product\/6761\/revisions\/21314"}],"wp:featuredmedia":[{"embeddable":true,"href":"https:\/\/antiquariat-steinbach.com\/rarebooks\/wp-json\/wp\/v2\/media\/15831"}],"wp:attachment":[{"href":"https:\/\/antiquariat-steinbach.com\/rarebooks\/wp-json\/wp\/v2\/media?parent=6761"}],"wp:term":[{"taxonomy":"product_brand","embeddable":true,"href":"https:\/\/antiquariat-steinbach.com\/rarebooks\/wp-json\/wp\/v2\/product_brand?post=6761"},{"taxonomy":"product_cat","embeddable":true,"href":"https:\/\/antiquariat-steinbach.com\/rarebooks\/wp-json\/wp\/v2\/product_cat?post=6761"},{"taxonomy":"product_tag","embeddable":true,"href":"https:\/\/antiquariat-steinbach.com\/rarebooks\/wp-json\/wp\/v2\/product_tag?post=6761"}],"curies":[{"name":"wp","href":"https:\/\/api.w.org\/{rel}","templated":true}]}}