{"id":6699,"date":"2026-03-12T00:20:02","date_gmt":"2026-03-11T23:20:02","guid":{"rendered":"http:\/\/antiquariat-steinbach.com\/rarebooks\/produkt\/die-wunderbaren-abenteuer-des-tartarin-von-tarascon\/"},"modified":"2026-03-12T00:20:04","modified_gmt":"2026-03-11T23:20:04","slug":"preetorius-daudet-alphonse-die-wunderbaren-abenteuer-des-tartarin-von-tarascon","status":"publish","type":"product","link":"https:\/\/antiquariat-steinbach.com\/rarebooks\/produkt\/preetorius-daudet-alphonse-die-wunderbaren-abenteuer-des-tartarin-von-tarascon\/","title":{"rendered":"Preetorius &#8211;   Daudet, Alphonse: &#8211;  Die wunderbaren Abenteuer des Tartarin von Tarascon."},"content":{"rendered":"<p>Dachau, Einhornverlag 1922.<\/p>\n<p>20,5 : 15,5 cm. 215 Seiten mit vielen (11 ganzseitigen) Illustrationen von Emil Preetorius. Blauer Original-Leinenband mit Deckelillustration.<\/p>\n<p>18,00 EUR<\/p>\n","protected":false},"excerpt":{"rendered":"<p>F\u00fcnfter Einhorndruck. Die kongenialen Illustrationen zu einem klassischen franz\u00f6sischen Text. &#8211; R\u00fccken etwas verblasst sonst sch\u00f6nes Exemplar.<\/p>\n","protected":false},"featured_media":0,"template":"","meta":[],"product_brand":[],"product_cat":[29,43,792,914],"product_tag":[],"class_list":{"0":"post-6699","1":"product","2":"type-product","3":"status-publish","5":"product_cat-20-jahrhundert","6":"product_cat-illustrierte-buecher","7":"product_cat-preetorius","8":"product_cat-zvab","10":"first","11":"instock","12":"purchasable","13":"product-type-simple"},"_links":{"self":[{"href":"https:\/\/antiquariat-steinbach.com\/rarebooks\/wp-json\/wp\/v2\/product\/6699","targetHints":{"allow":["GET"]}}],"collection":[{"href":"https:\/\/antiquariat-steinbach.com\/rarebooks\/wp-json\/wp\/v2\/product"}],"about":[{"href":"https:\/\/antiquariat-steinbach.com\/rarebooks\/wp-json\/wp\/v2\/types\/product"}],"version-history":[{"count":3,"href":"https:\/\/antiquariat-steinbach.com\/rarebooks\/wp-json\/wp\/v2\/product\/6699\/revisions"}],"predecessor-version":[{"id":21261,"href":"https:\/\/antiquariat-steinbach.com\/rarebooks\/wp-json\/wp\/v2\/product\/6699\/revisions\/21261"}],"wp:attachment":[{"href":"https:\/\/antiquariat-steinbach.com\/rarebooks\/wp-json\/wp\/v2\/media?parent=6699"}],"wp:term":[{"taxonomy":"product_brand","embeddable":true,"href":"https:\/\/antiquariat-steinbach.com\/rarebooks\/wp-json\/wp\/v2\/product_brand?post=6699"},{"taxonomy":"product_cat","embeddable":true,"href":"https:\/\/antiquariat-steinbach.com\/rarebooks\/wp-json\/wp\/v2\/product_cat?post=6699"},{"taxonomy":"product_tag","embeddable":true,"href":"https:\/\/antiquariat-steinbach.com\/rarebooks\/wp-json\/wp\/v2\/product_tag?post=6699"}],"curies":[{"name":"wp","href":"https:\/\/api.w.org\/{rel}","templated":true}]}}