{"id":6603,"date":"2026-03-12T00:18:54","date_gmt":"2026-03-11T23:18:54","guid":{"rendered":"http:\/\/antiquariat-steinbach.com\/rarebooks\/produkt\/unsere-baeume-und-straeucher\/"},"modified":"2026-03-12T00:18:56","modified_gmt":"2026-03-11T23:18:56","slug":"pluess-b-unsere-baeume-und-straeucher","status":"publish","type":"product","link":"https:\/\/antiquariat-steinbach.com\/rarebooks\/produkt\/pluess-b-unsere-baeume-und-straeucher\/","title":{"rendered":"Pl\u00fc\u00df, B: &#8211;  Unsere B\u00e4ume und Str\u00e4ucher."},"content":{"rendered":"<p>Freiburg, Herder 1888.<\/p>\n<p>2. Auflage. 16,5 : 12 cm. VI, 120 Seiten mit 80 Textholzschnitten. Ilustrierter Original-Halbleinenband.<\/p>\n<p>40,00 EUR<\/p>\n","protected":false},"excerpt":{"rendered":"<p>Freiburg, Herder 1888. 2. Auflage. 16,5 : 12 cm. VI, 120 Seiten mit 80 Textholzschnitten. Ilustrierter Original-Halbleinenband. 40,00 EUR<\/p>\n","protected":false},"featured_media":27300,"template":"","meta":[],"product_brand":[],"product_cat":[781,82,914],"product_tag":[],"class_list":{"0":"post-6603","1":"product","2":"type-product","3":"status-publish","4":"has-post-thumbnail","6":"product_cat-flora","7":"product_cat-naturwissenschaften","8":"product_cat-zvab","10":"first","11":"instock","12":"purchasable","13":"product-type-simple"},"_links":{"self":[{"href":"https:\/\/antiquariat-steinbach.com\/rarebooks\/wp-json\/wp\/v2\/product\/6603","targetHints":{"allow":["GET"]}}],"collection":[{"href":"https:\/\/antiquariat-steinbach.com\/rarebooks\/wp-json\/wp\/v2\/product"}],"about":[{"href":"https:\/\/antiquariat-steinbach.com\/rarebooks\/wp-json\/wp\/v2\/types\/product"}],"version-history":[{"count":3,"href":"https:\/\/antiquariat-steinbach.com\/rarebooks\/wp-json\/wp\/v2\/product\/6603\/revisions"}],"predecessor-version":[{"id":21230,"href":"https:\/\/antiquariat-steinbach.com\/rarebooks\/wp-json\/wp\/v2\/product\/6603\/revisions\/21230"}],"wp:featuredmedia":[{"embeddable":true,"href":"https:\/\/antiquariat-steinbach.com\/rarebooks\/wp-json\/wp\/v2\/media\/27300"}],"wp:attachment":[{"href":"https:\/\/antiquariat-steinbach.com\/rarebooks\/wp-json\/wp\/v2\/media?parent=6603"}],"wp:term":[{"taxonomy":"product_brand","embeddable":true,"href":"https:\/\/antiquariat-steinbach.com\/rarebooks\/wp-json\/wp\/v2\/product_brand?post=6603"},{"taxonomy":"product_cat","embeddable":true,"href":"https:\/\/antiquariat-steinbach.com\/rarebooks\/wp-json\/wp\/v2\/product_cat?post=6603"},{"taxonomy":"product_tag","embeddable":true,"href":"https:\/\/antiquariat-steinbach.com\/rarebooks\/wp-json\/wp\/v2\/product_tag?post=6603"}],"curies":[{"name":"wp","href":"https:\/\/api.w.org\/{rel}","templated":true}]}}