{"id":651,"date":"2026-03-12T00:00:40","date_gmt":"2026-03-11T23:00:40","guid":{"rendered":"http:\/\/antiquariat-steinbach.com\/rarebooks\/produkt\/art-et-decoration-revue-mensuelle-dart-moderne-volume-xi\/"},"modified":"2026-03-12T00:00:40","modified_gmt":"2026-03-11T23:00:40","slug":"art-et-decoration-revue-mensuelle-dart-moderne-volume-xi","status":"publish","type":"product","link":"https:\/\/antiquariat-steinbach.com\/rarebooks\/produkt\/art-et-decoration-revue-mensuelle-dart-moderne-volume-xi\/","title":{"rendered":"Art et D\u00e9coration. Revue mensuelle d&#8217;art moderne. Volume XI."},"content":{"rendered":"<p>Paris, Levy, 1902.<\/p>\n<p>2 parts in 1 volume. 39,5 : 22 cm. 4 leaves, 196; 176; pages 81 &#8211; 120 with many, partly coloured plates and illustrations. Original illustrated cloth.<\/p>\n<p>180,00 EUR<\/p>\n","protected":false},"excerpt":{"rendered":"<p>With the supplements for January till November 1902 each 6 pages with many illustrations. Also bound in: Muthesius, Hermann. Landh\u00e4user der Architekten J.W. Bedofrd und S.D. Kitson in Leeds und Die nordische Kunstausstellung in Krefeld.  ART ET DECORATION publi\u00e9e sous la direction de MM. Vaudremer, Grasset, Jean-Paul Laurens, Fr\u00e9miet, Roty, Lucien Magne, L\u00e9once B\u00e9n\u00e9dicte, Roger Marx, Dampt. &#8211; Art et D\u00e9coration &#8211; Revue mensuelle d&#8217;Art Moderne. Ann\u00e9e 1902 &#8211;  Rare exemplaire, enti\u00e8rement d&#8217;esprit Art Nouveau. Revue fond\u00e9e en 1897.Exemplaire bien avec des suppl\u00e9ments reli\u00e9s in-fine de volume (actualit\u00e9s, expositions, ventes et livres). Tr\u00e8s riche iconographie absolument irrempla\u00e7able pour une documentation compl\u00e8te des Arts D\u00e9coratifs de cette p\u00e9riode. Au sommaire : De l&#8217;emploi de la couleur en impression &#8211; Dessins de bijoux (Mucha, De Feure, Dufr\u00e8ne, Marcel Bing) &#8211; Broderies viennoises &#8211; Quelques meubles d&#8217;Eug\u00e8ne Gaillard &#8211; Nouvelles estampes d&#8217;Henri Rivi\u00e8re &#8211; Concours de poign\u00e9es de cannes &#8211; Boutet de Monvel &#8211; La Soci\u00e9t\u00e9 des Amis de la M\u00e9daille Fran\u00e7aise &#8211; Le cristal taill\u00e9 et grav\u00e9 &#8211; Un magasin artistique \u00e0 Paris (Colin) &#8211; Figures d&#8217;Extr\u00eame-Orient (Marius Perret) &#8211; Le m\u00e9tal dans le mobilier et la d\u00e9coration &#8211; La photogravure &#8211; L&#8217;exposition de la miniature et des arts pr\u00e9cieux &#8211; Ren\u00e9 M\u00e9nard &#8211; Le Salon des Boursiers de Voyage &#8211; Une petite maison \u00e0 loyer &#8211; Concours de dessus de table \u00e0 ouvrage &#8211; Aman-Jean &#8211; L&#8217;enseignement des Arts D\u00e9coratifs \u00e0 Vienne -\u2026 Edges a bit rubbed. ,<\/p>\n","protected":false},"featured_media":9721,"template":"","meta":[],"product_brand":[],"product_cat":[29,48,160,173,50,30,914],"product_tag":[],"class_list":{"0":"post-651","1":"product","2":"type-product","3":"status-publish","4":"has-post-thumbnail","6":"product_cat-20-jahrhundert","7":"product_cat-architektur","8":"product_cat-art-deco","9":"product_cat-kunst-20-jahrhundert","10":"product_cat-kunsthandwerk","11":"product_cat-malerei","12":"product_cat-zvab","14":"first","15":"instock","16":"purchasable","17":"product-type-simple"},"_links":{"self":[{"href":"https:\/\/antiquariat-steinbach.com\/rarebooks\/wp-json\/wp\/v2\/product\/651","targetHints":{"allow":["GET"]}}],"collection":[{"href":"https:\/\/antiquariat-steinbach.com\/rarebooks\/wp-json\/wp\/v2\/product"}],"about":[{"href":"https:\/\/antiquariat-steinbach.com\/rarebooks\/wp-json\/wp\/v2\/types\/product"}],"version-history":[{"count":2,"href":"https:\/\/antiquariat-steinbach.com\/rarebooks\/wp-json\/wp\/v2\/product\/651\/revisions"}],"predecessor-version":[{"id":9720,"href":"https:\/\/antiquariat-steinbach.com\/rarebooks\/wp-json\/wp\/v2\/product\/651\/revisions\/9720"}],"wp:featuredmedia":[{"embeddable":true,"href":"https:\/\/antiquariat-steinbach.com\/rarebooks\/wp-json\/wp\/v2\/media\/9721"}],"wp:attachment":[{"href":"https:\/\/antiquariat-steinbach.com\/rarebooks\/wp-json\/wp\/v2\/media?parent=651"}],"wp:term":[{"taxonomy":"product_brand","embeddable":true,"href":"https:\/\/antiquariat-steinbach.com\/rarebooks\/wp-json\/wp\/v2\/product_brand?post=651"},{"taxonomy":"product_cat","embeddable":true,"href":"https:\/\/antiquariat-steinbach.com\/rarebooks\/wp-json\/wp\/v2\/product_cat?post=651"},{"taxonomy":"product_tag","embeddable":true,"href":"https:\/\/antiquariat-steinbach.com\/rarebooks\/wp-json\/wp\/v2\/product_tag?post=651"}],"curies":[{"name":"wp","href":"https:\/\/api.w.org\/{rel}","templated":true}]}}