{"id":6209,"date":"2026-03-12T00:18:19","date_gmt":"2026-03-11T23:18:19","guid":{"rendered":"http:\/\/antiquariat-steinbach.com\/rarebooks\/produkt\/tirol-und-vorarlberg\/"},"modified":"2026-03-12T00:18:20","modified_gmt":"2026-03-11T23:18:20","slug":"noe-heinrich-tirol-und-vorarlberg","status":"publish","type":"product","link":"https:\/\/antiquariat-steinbach.com\/rarebooks\/produkt\/noe-heinrich-tirol-und-vorarlberg\/","title":{"rendered":"No\u00e9, Heinrich: &#8211;  Tirol und Vorarlberg."},"content":{"rendered":"<p>Glogau, Flemming o.J. (um 1880).<\/p>\n<p>19,5 : 13,5 cm. 672 Seiten, 6 Blatt mit 114 Textholzschnitten von A. Clo\u00df und Klitzsch &#038; Rochlitzer nach Original-Zeichnungen von Th. Bl\u00e4tterbauer und G. Sundblad. Gr\u00fcner Original-Leinenband mit Deckelblindpr\u00e4gung.<\/p>\n<p>120,00 EUR<\/p>\n","protected":false},"excerpt":{"rendered":"<p>Deutsches Alpenbuch, Band 2. &#8211; Enth\u00e4lt: &#8218;Am Inn und in der Zillerthaler Eiswelt, &#8218;Vom Karw\u00e4ndel zum Bodensee&#8216;, &#8218;Brennerbahn und Etschland&#8216;, &#8218;Ampezzaner Gebiet und ladinische Dolomite&#8216;, &#8218;Vom Pfitscher- zum Stilfser-Joch&#8216; u.a. &#8211; Sch\u00f6nes Exemplar.<\/p>\n","protected":false},"featured_media":25810,"template":"","meta":[],"product_brand":[],"product_cat":[36,83,71,66,914],"product_tag":[],"class_list":{"0":"post-6209","1":"product","2":"type-product","3":"status-publish","4":"has-post-thumbnail","6":"product_cat-alpen","7":"product_cat-ansichten","8":"product_cat-austriaca","9":"product_cat-reisen","10":"product_cat-zvab","12":"first","13":"instock","14":"purchasable","15":"product-type-simple"},"_links":{"self":[{"href":"https:\/\/antiquariat-steinbach.com\/rarebooks\/wp-json\/wp\/v2\/product\/6209","targetHints":{"allow":["GET"]}}],"collection":[{"href":"https:\/\/antiquariat-steinbach.com\/rarebooks\/wp-json\/wp\/v2\/product"}],"about":[{"href":"https:\/\/antiquariat-steinbach.com\/rarebooks\/wp-json\/wp\/v2\/types\/product"}],"version-history":[{"count":4,"href":"https:\/\/antiquariat-steinbach.com\/rarebooks\/wp-json\/wp\/v2\/product\/6209\/revisions"}],"predecessor-version":[{"id":27874,"href":"https:\/\/antiquariat-steinbach.com\/rarebooks\/wp-json\/wp\/v2\/product\/6209\/revisions\/27874"}],"wp:featuredmedia":[{"embeddable":true,"href":"https:\/\/antiquariat-steinbach.com\/rarebooks\/wp-json\/wp\/v2\/media\/25810"}],"wp:attachment":[{"href":"https:\/\/antiquariat-steinbach.com\/rarebooks\/wp-json\/wp\/v2\/media?parent=6209"}],"wp:term":[{"taxonomy":"product_brand","embeddable":true,"href":"https:\/\/antiquariat-steinbach.com\/rarebooks\/wp-json\/wp\/v2\/product_brand?post=6209"},{"taxonomy":"product_cat","embeddable":true,"href":"https:\/\/antiquariat-steinbach.com\/rarebooks\/wp-json\/wp\/v2\/product_cat?post=6209"},{"taxonomy":"product_tag","embeddable":true,"href":"https:\/\/antiquariat-steinbach.com\/rarebooks\/wp-json\/wp\/v2\/product_tag?post=6209"}],"curies":[{"name":"wp","href":"https:\/\/api.w.org\/{rel}","templated":true}]}}