{"id":6079,"date":"2026-03-12T00:18:07","date_gmt":"2026-03-11T23:18:07","guid":{"rendered":"http:\/\/antiquariat-steinbach.com\/rarebooks\/produkt\/singer-dies-eine-wort-sagt-alles-wenn-es-sich-um-den-ankauf-einer-naehmaschine-handelt-den-singer-naehmaschinen-sind-in-jeder-hinsicht-vorbildlich\/"},"modified":"2026-03-12T00:18:09","modified_gmt":"2026-03-11T23:18:09","slug":"naehmaschinen-singer-singer-dies-eine-wort-sagt-alles-wenn-es-sich-um-den-ankauf-einer-naehmaschine-handelt-den-singer-naehmaschinen-sind-in-jeder-hinsicht-vorbildlich","status":"publish","type":"product","link":"https:\/\/antiquariat-steinbach.com\/rarebooks\/produkt\/naehmaschinen-singer-singer-dies-eine-wort-sagt-alles-wenn-es-sich-um-den-ankauf-einer-naehmaschine-handelt-den-singer-naehmaschinen-sind-in-jeder-hinsicht-vorbildlich\/","title":{"rendered":"N\u00e4hmaschinen &#8211;   Singer. &#8211;  Singer. Dies eine Wort sagt alles, wenn es sich um den Ankauf einer N\u00e4hmaschine handelt, den Singer N\u00e4hmaschinen sind in jeder Hinsicht vorbildlich."},"content":{"rendered":"<p>O.O. ca.1890.<\/p>\n<p>31,5 : 24 cm. 1Blatt mit 10 Abbildungen.<\/p>\n<p>60,00 EUR<\/p>\n","protected":false},"excerpt":{"rendered":"<p>Fr\u00fches Werbeplakat f\u00fcr Singer-N\u00e4hmaschinen. Zeigt 10 verschiedene N\u00e4hmaschinen. &#8211; Mit Mittelbug.<\/p>\n","protected":false},"featured_media":15144,"template":"","meta":[],"product_brand":[],"product_cat":[56,330,77,914],"product_tag":[],"class_list":{"0":"post-6079","1":"product","2":"type-product","3":"status-publish","4":"has-post-thumbnail","6":"product_cat-handel","7":"product_cat-maschinen","8":"product_cat-technik","9":"product_cat-zvab","11":"first","12":"instock","13":"purchasable","14":"product-type-simple"},"_links":{"self":[{"href":"https:\/\/antiquariat-steinbach.com\/rarebooks\/wp-json\/wp\/v2\/product\/6079","targetHints":{"allow":["GET"]}}],"collection":[{"href":"https:\/\/antiquariat-steinbach.com\/rarebooks\/wp-json\/wp\/v2\/product"}],"about":[{"href":"https:\/\/antiquariat-steinbach.com\/rarebooks\/wp-json\/wp\/v2\/types\/product"}],"version-history":[{"count":3,"href":"https:\/\/antiquariat-steinbach.com\/rarebooks\/wp-json\/wp\/v2\/product\/6079\/revisions"}],"predecessor-version":[{"id":20997,"href":"https:\/\/antiquariat-steinbach.com\/rarebooks\/wp-json\/wp\/v2\/product\/6079\/revisions\/20997"}],"wp:featuredmedia":[{"embeddable":true,"href":"https:\/\/antiquariat-steinbach.com\/rarebooks\/wp-json\/wp\/v2\/media\/15144"}],"wp:attachment":[{"href":"https:\/\/antiquariat-steinbach.com\/rarebooks\/wp-json\/wp\/v2\/media?parent=6079"}],"wp:term":[{"taxonomy":"product_brand","embeddable":true,"href":"https:\/\/antiquariat-steinbach.com\/rarebooks\/wp-json\/wp\/v2\/product_brand?post=6079"},{"taxonomy":"product_cat","embeddable":true,"href":"https:\/\/antiquariat-steinbach.com\/rarebooks\/wp-json\/wp\/v2\/product_cat?post=6079"},{"taxonomy":"product_tag","embeddable":true,"href":"https:\/\/antiquariat-steinbach.com\/rarebooks\/wp-json\/wp\/v2\/product_tag?post=6079"}],"curies":[{"name":"wp","href":"https:\/\/api.w.org\/{rel}","templated":true}]}}