{"id":5933,"date":"2026-03-12T00:16:53","date_gmt":"2026-03-11T23:16:53","guid":{"rendered":"http:\/\/antiquariat-steinbach.com\/rarebooks\/produkt\/kabinettstuecke-des-humors\/"},"modified":"2026-03-12T00:16:54","modified_gmt":"2026-03-11T23:16:54","slug":"mueller-bogeng-a-a-e-herausgeber-kabinettstuecke-des-humors","status":"publish","type":"product","link":"https:\/\/antiquariat-steinbach.com\/rarebooks\/produkt\/mueller-bogeng-a-a-e-herausgeber-kabinettstuecke-des-humors\/","title":{"rendered":"M\u00fcller &#8211;   Bogeng, A.A.E. (Herausgeber) &#8211;  Kabinettst\u00fccke des Humors."},"content":{"rendered":"<p>Leipzig, List, ca. 1920.<\/p>\n<p>19 : 12,5 cm. 4 Blatt, 242 Seiten, 1 Blatt, mit 6 get\u00f6nten Original Lithographien von Hans Alexander M\u00fcller. Original Leinenband.<\/p>\n<p>40,00 EUR<\/p>\n","protected":false},"excerpt":{"rendered":"<p>Kabinettst\u00fccke des Humors, Band 4. Enth\u00e4lt Werke von Jean Paul, L. \u00f6rne, G. Keller, Fr. Gerst\u00e4cker und Ch. Sealsfield. Mit passenden Original-Lithographien von H.A. M\u00fcller.<\/p>\n","protected":false},"featured_media":0,"template":"","meta":[],"product_brand":[],"product_cat":[122,43,32,914],"product_tag":[],"class_list":{"0":"post-5933","1":"product","2":"type-product","3":"status-publish","5":"product_cat-humor","6":"product_cat-illustrierte-buecher","7":"product_cat-literatur","8":"product_cat-zvab","10":"first","11":"instock","12":"purchasable","13":"product-type-simple"},"_links":{"self":[{"href":"https:\/\/antiquariat-steinbach.com\/rarebooks\/wp-json\/wp\/v2\/product\/5933","targetHints":{"allow":["GET"]}}],"collection":[{"href":"https:\/\/antiquariat-steinbach.com\/rarebooks\/wp-json\/wp\/v2\/product"}],"about":[{"href":"https:\/\/antiquariat-steinbach.com\/rarebooks\/wp-json\/wp\/v2\/types\/product"}],"version-history":[{"count":3,"href":"https:\/\/antiquariat-steinbach.com\/rarebooks\/wp-json\/wp\/v2\/product\/5933\/revisions"}],"predecessor-version":[{"id":20958,"href":"https:\/\/antiquariat-steinbach.com\/rarebooks\/wp-json\/wp\/v2\/product\/5933\/revisions\/20958"}],"wp:attachment":[{"href":"https:\/\/antiquariat-steinbach.com\/rarebooks\/wp-json\/wp\/v2\/media?parent=5933"}],"wp:term":[{"taxonomy":"product_brand","embeddable":true,"href":"https:\/\/antiquariat-steinbach.com\/rarebooks\/wp-json\/wp\/v2\/product_brand?post=5933"},{"taxonomy":"product_cat","embeddable":true,"href":"https:\/\/antiquariat-steinbach.com\/rarebooks\/wp-json\/wp\/v2\/product_cat?post=5933"},{"taxonomy":"product_tag","embeddable":true,"href":"https:\/\/antiquariat-steinbach.com\/rarebooks\/wp-json\/wp\/v2\/product_tag?post=5933"}],"curies":[{"name":"wp","href":"https:\/\/api.w.org\/{rel}","templated":true}]}}