{"id":5921,"date":"2026-03-12T00:16:51","date_gmt":"2026-03-11T23:16:51","guid":{"rendered":"http:\/\/antiquariat-steinbach.com\/rarebooks\/produkt\/baesle-briefe\/"},"modified":"2026-03-12T00:16:52","modified_gmt":"2026-03-11T23:16:52","slug":"mozart-wolfgan-amadeus-baesle-briefe","status":"publish","type":"product","link":"https:\/\/antiquariat-steinbach.com\/rarebooks\/produkt\/mozart-wolfgan-amadeus-baesle-briefe\/","title":{"rendered":"Mozart, Wolfgan Amadeus: &#8211;  B\u00e4sle-Briefe."},"content":{"rendered":"<p>Berlin, Euphorion Verlag (1923).<\/p>\n<p>16,5 : 12 cm. 2 Blatt, 55 Seiten, 2 Blatt Gr\u00fcner Original Pappband.<\/p>\n<p>95,00 EUR<\/p>\n","protected":false},"excerpt":{"rendered":"<p>Eines von 75 numerierten Exemplaren auf handgesch\u00f6pftem Zanders-B\u00fctten abgezogen. &#8211; R\u00fccken minimal verblasst, sonst tadellos. &#8211; Horodisch 30.<\/p>\n","protected":false},"featured_media":0,"template":"","meta":[],"product_brand":[],"product_cat":[144,914],"product_tag":[],"class_list":{"0":"post-5921","1":"product","2":"type-product","3":"status-publish","5":"product_cat-musik","6":"product_cat-zvab","8":"first","9":"instock","10":"purchasable","11":"product-type-simple"},"_links":{"self":[{"href":"https:\/\/antiquariat-steinbach.com\/rarebooks\/wp-json\/wp\/v2\/product\/5921","targetHints":{"allow":["GET"]}}],"collection":[{"href":"https:\/\/antiquariat-steinbach.com\/rarebooks\/wp-json\/wp\/v2\/product"}],"about":[{"href":"https:\/\/antiquariat-steinbach.com\/rarebooks\/wp-json\/wp\/v2\/types\/product"}],"version-history":[{"count":3,"href":"https:\/\/antiquariat-steinbach.com\/rarebooks\/wp-json\/wp\/v2\/product\/5921\/revisions"}],"predecessor-version":[{"id":20955,"href":"https:\/\/antiquariat-steinbach.com\/rarebooks\/wp-json\/wp\/v2\/product\/5921\/revisions\/20955"}],"wp:attachment":[{"href":"https:\/\/antiquariat-steinbach.com\/rarebooks\/wp-json\/wp\/v2\/media?parent=5921"}],"wp:term":[{"taxonomy":"product_brand","embeddable":true,"href":"https:\/\/antiquariat-steinbach.com\/rarebooks\/wp-json\/wp\/v2\/product_brand?post=5921"},{"taxonomy":"product_cat","embeddable":true,"href":"https:\/\/antiquariat-steinbach.com\/rarebooks\/wp-json\/wp\/v2\/product_cat?post=5921"},{"taxonomy":"product_tag","embeddable":true,"href":"https:\/\/antiquariat-steinbach.com\/rarebooks\/wp-json\/wp\/v2\/product_tag?post=5921"}],"curies":[{"name":"wp","href":"https:\/\/api.w.org\/{rel}","templated":true}]}}