{"id":5901,"date":"2026-03-12T00:16:36","date_gmt":"2026-03-11T23:16:36","guid":{"rendered":"http:\/\/antiquariat-steinbach.com\/rarebooks\/produkt\/die-meteorologie-in-erklaerunge-nund-erzaehlungen\/"},"modified":"2026-03-12T00:16:37","modified_gmt":"2026-03-11T23:16:37","slug":"meteorologie-moshamer-joseph-a-die-meteorologie-in-erklaerungen-und-erzaehlungen","status":"publish","type":"product","link":"https:\/\/antiquariat-steinbach.com\/rarebooks\/produkt\/meteorologie-moshamer-joseph-a-die-meteorologie-in-erklaerungen-und-erzaehlungen\/","title":{"rendered":"Meteorologie &#8211;   Moshamer, Joseph A: &#8211;  Die Meteorologie in Erkl\u00e4rungen und Erz\u00e4hlungen."},"content":{"rendered":"<p>Wien, Schulb\u00fccher-Verschlei\u00df-Administration 1844.<\/p>\n<p>18 : 11,5 cm. VIII, 279 Seiten Pappband der Zeit.<\/p>\n<p>45,00 EUR<\/p>\n","protected":false},"excerpt":{"rendered":"<p>Erste Ausgabe. &#8211; \u00dcber Erdbeben, Polarlicht, Lawinen, Vulkane, Ebbe und Flut, Wind, Sturm etc. &#8211; Widmung auf dem fliegenden Vorsatz; Einband berieben  und bestossen.<\/p>\n","protected":false},"featured_media":26261,"template":"","meta":[],"product_brand":[],"product_cat":[60,607,914],"product_tag":[],"class_list":{"0":"post-5901","1":"product","2":"type-product","3":"status-publish","4":"has-post-thumbnail","6":"product_cat-kinderbuecher","7":"product_cat-meteorologie","8":"product_cat-zvab","10":"first","11":"instock","12":"purchasable","13":"product-type-simple"},"_links":{"self":[{"href":"https:\/\/antiquariat-steinbach.com\/rarebooks\/wp-json\/wp\/v2\/product\/5901","targetHints":{"allow":["GET"]}}],"collection":[{"href":"https:\/\/antiquariat-steinbach.com\/rarebooks\/wp-json\/wp\/v2\/product"}],"about":[{"href":"https:\/\/antiquariat-steinbach.com\/rarebooks\/wp-json\/wp\/v2\/types\/product"}],"version-history":[{"count":5,"href":"https:\/\/antiquariat-steinbach.com\/rarebooks\/wp-json\/wp\/v2\/product\/5901\/revisions"}],"predecessor-version":[{"id":27856,"href":"https:\/\/antiquariat-steinbach.com\/rarebooks\/wp-json\/wp\/v2\/product\/5901\/revisions\/27856"}],"wp:featuredmedia":[{"embeddable":true,"href":"https:\/\/antiquariat-steinbach.com\/rarebooks\/wp-json\/wp\/v2\/media\/26261"}],"wp:attachment":[{"href":"https:\/\/antiquariat-steinbach.com\/rarebooks\/wp-json\/wp\/v2\/media?parent=5901"}],"wp:term":[{"taxonomy":"product_brand","embeddable":true,"href":"https:\/\/antiquariat-steinbach.com\/rarebooks\/wp-json\/wp\/v2\/product_brand?post=5901"},{"taxonomy":"product_cat","embeddable":true,"href":"https:\/\/antiquariat-steinbach.com\/rarebooks\/wp-json\/wp\/v2\/product_cat?post=5901"},{"taxonomy":"product_tag","embeddable":true,"href":"https:\/\/antiquariat-steinbach.com\/rarebooks\/wp-json\/wp\/v2\/product_tag?post=5901"}],"curies":[{"name":"wp","href":"https:\/\/api.w.org\/{rel}","templated":true}]}}