{"id":5639,"date":"2026-03-12T00:14:52","date_gmt":"2026-03-11T23:14:52","guid":{"rendered":"http:\/\/antiquariat-steinbach.com\/rarebooks\/produkt\/les-metamorphoses-dovide-choix-de-seize-fables\/"},"modified":"2026-03-12T00:14:53","modified_gmt":"2026-03-11T23:14:53","slug":"livres-illustre-mercier-ovid-les-metamorphoses-dovide-choix-de-seize-fables","status":"publish","type":"product","link":"https:\/\/antiquariat-steinbach.com\/rarebooks\/produkt\/livres-illustre-mercier-ovid-les-metamorphoses-dovide-choix-de-seize-fables\/","title":{"rendered":"Livres illustr\u00e9 &#8211; Mercier &#8211;   Ovid: &#8211;  Les m\u00e9tamorphoses D&#8217;Ovide choix de seize fables."},"content":{"rendered":"<p>(Paris), La Fr\u00e9gate (1946).<\/p>\n<p>28,5 : 23 cm. 122 pages with 16 coloured, mounted plates by Jean A. Mercier. Original-wrappers in original illustrated slip-case.<\/p>\n<p>180,00 EUR<\/p>\n","protected":false},"excerpt":{"rendered":"<p>Les M\u00e9tamorphoses d&#8217;Ovide, choix de seize fables, illus. Jean A. Mercier, tr. l&#8217;Abb\u00e9 Banier [Paris, 1946] &#8211; enus and Adonis   Latona Turns Peasants to Frogs   Salmacis and Hermaphroditus   Narcissus Changed into a Flower   Theseus and the Minotaur   Galatea and Polyphemus   Pygmalion in Love with a Statue   Icarus, his Fall   Atalanta and the Golden Apples   Syrinx Changed into a Reed   Pyramus and Thisbe   Daphne Changed into a Laurel   Cyparissus Changed into a Cypress   Europa, her Rape   Perseus and Andromeda   Actaeon &#8211; Nummeriertes Exemplar mit den lieblichen Illustrationen von Mercier.<\/p>\n","protected":false},"featured_media":24599,"template":"","meta":[],"product_brand":[],"product_cat":[29,143,43,914],"product_tag":[],"class_list":{"0":"post-5639","1":"product","2":"type-product","3":"status-publish","4":"has-post-thumbnail","6":"product_cat-20-jahrhundert","7":"product_cat-francais","8":"product_cat-illustrierte-buecher","9":"product_cat-zvab","11":"first","12":"instock","13":"purchasable","14":"product-type-simple"},"_links":{"self":[{"href":"https:\/\/antiquariat-steinbach.com\/rarebooks\/wp-json\/wp\/v2\/product\/5639","targetHints":{"allow":["GET"]}}],"collection":[{"href":"https:\/\/antiquariat-steinbach.com\/rarebooks\/wp-json\/wp\/v2\/product"}],"about":[{"href":"https:\/\/antiquariat-steinbach.com\/rarebooks\/wp-json\/wp\/v2\/types\/product"}],"version-history":[{"count":5,"href":"https:\/\/antiquariat-steinbach.com\/rarebooks\/wp-json\/wp\/v2\/product\/5639\/revisions"}],"predecessor-version":[{"id":27831,"href":"https:\/\/antiquariat-steinbach.com\/rarebooks\/wp-json\/wp\/v2\/product\/5639\/revisions\/27831"}],"wp:featuredmedia":[{"embeddable":true,"href":"https:\/\/antiquariat-steinbach.com\/rarebooks\/wp-json\/wp\/v2\/media\/24599"}],"wp:attachment":[{"href":"https:\/\/antiquariat-steinbach.com\/rarebooks\/wp-json\/wp\/v2\/media?parent=5639"}],"wp:term":[{"taxonomy":"product_brand","embeddable":true,"href":"https:\/\/antiquariat-steinbach.com\/rarebooks\/wp-json\/wp\/v2\/product_brand?post=5639"},{"taxonomy":"product_cat","embeddable":true,"href":"https:\/\/antiquariat-steinbach.com\/rarebooks\/wp-json\/wp\/v2\/product_cat?post=5639"},{"taxonomy":"product_tag","embeddable":true,"href":"https:\/\/antiquariat-steinbach.com\/rarebooks\/wp-json\/wp\/v2\/product_tag?post=5639"}],"curies":[{"name":"wp","href":"https:\/\/api.w.org\/{rel}","templated":true}]}}