{"id":5559,"date":"2026-03-12T00:14:12","date_gmt":"2026-03-11T23:14:12","guid":{"rendered":"http:\/\/antiquariat-steinbach.com\/rarebooks\/produkt\/je-ein-umwoelkter-gipfel-erzaehlung\/"},"modified":"2026-03-12T00:14:13","modified_gmt":"2026-03-11T23:14:13","slug":"l-mayroecker-friederike-je-ein-umwoelkter-gipfel-erzaehlung","status":"publish","type":"product","link":"https:\/\/antiquariat-steinbach.com\/rarebooks\/produkt\/l-mayroecker-friederike-je-ein-umwoelkter-gipfel-erzaehlung\/","title":{"rendered":"L &#8211; Mayr\u00f6cker, Friederike. &#8211;  je ein umw\u00f6lkter gipfel. erz\u00e4hlung."},"content":{"rendered":"<p>Darmstadt, Luchterhand, 1973.<\/p>\n<p>19 : 11 cm. 130 Seiten. Original Karton<\/p>\n<p>45,00 EUR<\/p>\n","protected":false},"excerpt":{"rendered":"<p>Erste Ausgabe.<\/p>\n","protected":false},"featured_media":15062,"template":"","meta":[],"product_brand":[],"product_cat":[29,71,176,388,140,32,350,914],"product_tag":[],"class_list":{"0":"post-5559","1":"product","2":"type-product","3":"status-publish","4":"has-post-thumbnail","6":"product_cat-20-jahrhundert","7":"product_cat-austriaca","8":"product_cat-first-edition","9":"product_cat-gedichte-20","10":"product_cat-jhdt","11":"product_cat-literatur","12":"product_cat-widmungsexemplar","13":"product_cat-zvab","15":"first","16":"instock","17":"purchasable","18":"product-type-simple"},"_links":{"self":[{"href":"https:\/\/antiquariat-steinbach.com\/rarebooks\/wp-json\/wp\/v2\/product\/5559","targetHints":{"allow":["GET"]}}],"collection":[{"href":"https:\/\/antiquariat-steinbach.com\/rarebooks\/wp-json\/wp\/v2\/product"}],"about":[{"href":"https:\/\/antiquariat-steinbach.com\/rarebooks\/wp-json\/wp\/v2\/types\/product"}],"version-history":[{"count":4,"href":"https:\/\/antiquariat-steinbach.com\/rarebooks\/wp-json\/wp\/v2\/product\/5559\/revisions"}],"predecessor-version":[{"id":27822,"href":"https:\/\/antiquariat-steinbach.com\/rarebooks\/wp-json\/wp\/v2\/product\/5559\/revisions\/27822"}],"wp:featuredmedia":[{"embeddable":true,"href":"https:\/\/antiquariat-steinbach.com\/rarebooks\/wp-json\/wp\/v2\/media\/15062"}],"wp:attachment":[{"href":"https:\/\/antiquariat-steinbach.com\/rarebooks\/wp-json\/wp\/v2\/media?parent=5559"}],"wp:term":[{"taxonomy":"product_brand","embeddable":true,"href":"https:\/\/antiquariat-steinbach.com\/rarebooks\/wp-json\/wp\/v2\/product_brand?post=5559"},{"taxonomy":"product_cat","embeddable":true,"href":"https:\/\/antiquariat-steinbach.com\/rarebooks\/wp-json\/wp\/v2\/product_cat?post=5559"},{"taxonomy":"product_tag","embeddable":true,"href":"https:\/\/antiquariat-steinbach.com\/rarebooks\/wp-json\/wp\/v2\/product_tag?post=5559"}],"curies":[{"name":"wp","href":"https:\/\/api.w.org\/{rel}","templated":true}]}}