{"id":5525,"date":"2026-03-12T00:16:19","date_gmt":"2026-03-11T23:16:19","guid":{"rendered":"http:\/\/antiquariat-steinbach.com\/rarebooks\/produkt\/zeit-an-der-wand-oesterreichs-vergangenheit-1848-1965-in-den-wichtigsten-anschlaegen-und-plakaten\/"},"modified":"2026-03-12T00:16:21","modified_gmt":"2026-03-11T23:16:21","slug":"massiczek-albert-hermann-sagl-zeit-an-der-wand-oesterreichs-vergangenheit-1848-1965-in-den-wichtigsten-anschlaegen-und-plakaten","status":"publish","type":"product","link":"https:\/\/antiquariat-steinbach.com\/rarebooks\/produkt\/massiczek-albert-hermann-sagl-zeit-an-der-wand-oesterreichs-vergangenheit-1848-1965-in-den-wichtigsten-anschlaegen-und-plakaten\/","title":{"rendered":"Massiczek, Albert &#8211; Hermann Sagl. &#8211;  Zeit an der Wand. \u00d6sterreichs Vergangenheit 1848 &#8211; 1965 in den wichtigsten Anschl\u00e4gen und Plakaten."},"content":{"rendered":"<p>Wien, Frankfurt, Z\u00fcrich, Europa Verlag, 1967.<\/p>\n<p>30,5 : 20,5 cm. 111 pages, 171 partly coloured facsimile plates, 31 pages explanations. Original cloth, coloured illustrated original slipcase.<\/p>\n<p>30,00 EUR<\/p>\n","protected":false},"excerpt":{"rendered":"<p>The political history of Austria shown in posters. &#8211; With one propaganda leaf vote &#8218;Christlichsozial&#8216;.<\/p>\n","protected":false},"featured_media":0,"template":"","meta":[],"product_brand":[],"product_cat":[71,59,88,190,230,914],"product_tag":[],"class_list":{"0":"post-5525","1":"product","2":"type-product","3":"status-publish","5":"product_cat-austriaca","6":"product_cat-kulturgeschichte","7":"product_cat-plakate","8":"product_cat-politik","9":"product_cat-sozialgeschiche","10":"product_cat-zvab","12":"first","13":"instock","14":"purchasable","15":"product-type-simple"},"_links":{"self":[{"href":"https:\/\/antiquariat-steinbach.com\/rarebooks\/wp-json\/wp\/v2\/product\/5525","targetHints":{"allow":["GET"]}}],"collection":[{"href":"https:\/\/antiquariat-steinbach.com\/rarebooks\/wp-json\/wp\/v2\/product"}],"about":[{"href":"https:\/\/antiquariat-steinbach.com\/rarebooks\/wp-json\/wp\/v2\/types\/product"}],"version-history":[{"count":3,"href":"https:\/\/antiquariat-steinbach.com\/rarebooks\/wp-json\/wp\/v2\/product\/5525\/revisions"}],"predecessor-version":[{"id":20762,"href":"https:\/\/antiquariat-steinbach.com\/rarebooks\/wp-json\/wp\/v2\/product\/5525\/revisions\/20762"}],"wp:attachment":[{"href":"https:\/\/antiquariat-steinbach.com\/rarebooks\/wp-json\/wp\/v2\/media?parent=5525"}],"wp:term":[{"taxonomy":"product_brand","embeddable":true,"href":"https:\/\/antiquariat-steinbach.com\/rarebooks\/wp-json\/wp\/v2\/product_brand?post=5525"},{"taxonomy":"product_cat","embeddable":true,"href":"https:\/\/antiquariat-steinbach.com\/rarebooks\/wp-json\/wp\/v2\/product_cat?post=5525"},{"taxonomy":"product_tag","embeddable":true,"href":"https:\/\/antiquariat-steinbach.com\/rarebooks\/wp-json\/wp\/v2\/product_tag?post=5525"}],"curies":[{"name":"wp","href":"https:\/\/api.w.org\/{rel}","templated":true}]}}