{"id":5517,"date":"2026-03-12T00:16:19","date_gmt":"2026-03-11T23:16:19","guid":{"rendered":"http:\/\/antiquariat-steinbach.com\/rarebooks\/produkt\/naturstudien-skizzen\/"},"modified":"2026-03-12T00:16:20","modified_gmt":"2026-03-11T23:16:20","slug":"masius-hermann-naturstudien-skizzen","status":"publish","type":"product","link":"https:\/\/antiquariat-steinbach.com\/rarebooks\/produkt\/masius-hermann-naturstudien-skizzen\/","title":{"rendered":"Masius, Hermann. &#8211;  Naturstudien. Skizzen."},"content":{"rendered":"<p>Leipzig, Brandstetter, 1868 &#8211; 1869<\/p>\n<p>7. druchgesehene Auflage. 2 B\u00e4nde. VIII, 448; 298 Seiten. Mit 5 Tafeln und 1 Karte. Leinenb\u00e4nde der Zeit mit R\u00fccken- und Deckelvergoldung.<\/p>\n<p>40,00 EUR<\/p>\n","protected":false},"excerpt":{"rendered":"<p>Die Karte zeigt \u00c4gypten.<\/p>\n","protected":false},"featured_media":0,"template":"","meta":[],"product_brand":[],"product_cat":[64,94,65,97,82,914],"product_tag":[],"class_list":{"0":"post-5517","1":"product","2":"type-product","3":"status-publish","5":"product_cat-afrika","6":"product_cat-aegypten","7":"product_cat-geographie","8":"product_cat-geschichte","9":"product_cat-naturwissenschaften","10":"product_cat-zvab","12":"first","13":"instock","14":"purchasable","15":"product-type-simple"},"_links":{"self":[{"href":"https:\/\/antiquariat-steinbach.com\/rarebooks\/wp-json\/wp\/v2\/product\/5517","targetHints":{"allow":["GET"]}}],"collection":[{"href":"https:\/\/antiquariat-steinbach.com\/rarebooks\/wp-json\/wp\/v2\/product"}],"about":[{"href":"https:\/\/antiquariat-steinbach.com\/rarebooks\/wp-json\/wp\/v2\/types\/product"}],"version-history":[{"count":3,"href":"https:\/\/antiquariat-steinbach.com\/rarebooks\/wp-json\/wp\/v2\/product\/5517\/revisions"}],"predecessor-version":[{"id":20758,"href":"https:\/\/antiquariat-steinbach.com\/rarebooks\/wp-json\/wp\/v2\/product\/5517\/revisions\/20758"}],"wp:attachment":[{"href":"https:\/\/antiquariat-steinbach.com\/rarebooks\/wp-json\/wp\/v2\/media?parent=5517"}],"wp:term":[{"taxonomy":"product_brand","embeddable":true,"href":"https:\/\/antiquariat-steinbach.com\/rarebooks\/wp-json\/wp\/v2\/product_brand?post=5517"},{"taxonomy":"product_cat","embeddable":true,"href":"https:\/\/antiquariat-steinbach.com\/rarebooks\/wp-json\/wp\/v2\/product_cat?post=5517"},{"taxonomy":"product_tag","embeddable":true,"href":"https:\/\/antiquariat-steinbach.com\/rarebooks\/wp-json\/wp\/v2\/product_tag?post=5517"}],"curies":[{"name":"wp","href":"https:\/\/api.w.org\/{rel}","templated":true}]}}