{"id":5393,"date":"2026-03-12T00:16:04","date_gmt":"2026-03-11T23:16:04","guid":{"rendered":"http:\/\/antiquariat-steinbach.com\/rarebooks\/produkt\/budapesti-szivattyu-es-gepgyar-reszvenytarsasag-budapester-pumpen-und-maschinenfabriks-a-g\/"},"modified":"2026-03-12T00:16:05","modified_gmt":"2026-03-11T23:16:05","slug":"machines-budapesti-szivattyu-es-gepgyar-reszvenytarsasag-budapester-pumpen-und-maschinenfabriks-a-g","status":"publish","type":"product","link":"https:\/\/antiquariat-steinbach.com\/rarebooks\/produkt\/machines-budapesti-szivattyu-es-gepgyar-reszvenytarsasag-budapester-pumpen-und-maschinenfabriks-a-g\/","title":{"rendered":"Machines &#8211;   Budapesti Szivatty\u00fa-\u00e9s G\u00e9pgy\u00e1r r\u00e9szv\u00e9nyt\u00e1rsas\u00e1g. -Budapester Pumpen- und Maschinenfabriks A.-G."},"content":{"rendered":"<p>Budapest, 1911,<\/p>\n<p>14,5 : 23 cm. 72 pages with many illustrations. Ilustrated original wrappers.<\/p>\n<p>60,00 EUR<\/p>\n","protected":false},"excerpt":{"rendered":"<p>Shows differents machines for pumping. &#8211; Text in Hungarien and German.<\/p>\n","protected":false},"featured_media":15026,"template":"","meta":[],"product_brand":[],"product_cat":[174,77,914],"product_tag":[],"class_list":{"0":"post-5393","1":"product","2":"type-product","3":"status-publish","4":"has-post-thumbnail","6":"product_cat-firmenkataloge","7":"product_cat-technik","8":"product_cat-zvab","10":"first","11":"instock","12":"purchasable","13":"product-type-simple"},"_links":{"self":[{"href":"https:\/\/antiquariat-steinbach.com\/rarebooks\/wp-json\/wp\/v2\/product\/5393","targetHints":{"allow":["GET"]}}],"collection":[{"href":"https:\/\/antiquariat-steinbach.com\/rarebooks\/wp-json\/wp\/v2\/product"}],"about":[{"href":"https:\/\/antiquariat-steinbach.com\/rarebooks\/wp-json\/wp\/v2\/types\/product"}],"version-history":[{"count":3,"href":"https:\/\/antiquariat-steinbach.com\/rarebooks\/wp-json\/wp\/v2\/product\/5393\/revisions"}],"predecessor-version":[{"id":20694,"href":"https:\/\/antiquariat-steinbach.com\/rarebooks\/wp-json\/wp\/v2\/product\/5393\/revisions\/20694"}],"wp:featuredmedia":[{"embeddable":true,"href":"https:\/\/antiquariat-steinbach.com\/rarebooks\/wp-json\/wp\/v2\/media\/15026"}],"wp:attachment":[{"href":"https:\/\/antiquariat-steinbach.com\/rarebooks\/wp-json\/wp\/v2\/media?parent=5393"}],"wp:term":[{"taxonomy":"product_brand","embeddable":true,"href":"https:\/\/antiquariat-steinbach.com\/rarebooks\/wp-json\/wp\/v2\/product_brand?post=5393"},{"taxonomy":"product_cat","embeddable":true,"href":"https:\/\/antiquariat-steinbach.com\/rarebooks\/wp-json\/wp\/v2\/product_cat?post=5393"},{"taxonomy":"product_tag","embeddable":true,"href":"https:\/\/antiquariat-steinbach.com\/rarebooks\/wp-json\/wp\/v2\/product_tag?post=5393"}],"curies":[{"name":"wp","href":"https:\/\/api.w.org\/{rel}","templated":true}]}}