{"id":5391,"date":"2026-04-18T00:02:44","date_gmt":"2026-04-17T22:02:44","guid":{"rendered":"http:\/\/antiquariat-steinbach.com\/rarebooks\/produkt\/abrege-chronologique-de-lhistoire-et-du-droit-public-dallemagne-contenant-les-guerres-les-traites-de-paix-les-loix-les-capitulations-imperiales-les-reces-qui-composant-le-droit-public-de-lem\/"},"modified":"2026-04-18T00:02:44","modified_gmt":"2026-04-17T22:02:44","slug":"m-p-s-d-a-d-s-m-l-r-d-p-e-d-s-d-i-pfeffel-von-kriegelstein-christina-friedrich-abrege-chronologique-de-lhistoire-et-du-droit-public-dallemagne-contenant-les-guerres-les-traites-de-paix","status":"publish","type":"product","link":"https:\/\/antiquariat-steinbach.com\/rarebooks\/produkt\/m-p-s-d-a-d-s-m-l-r-d-p-e-d-s-d-i-pfeffel-von-kriegelstein-christina-friedrich-abrege-chronologique-de-lhistoire-et-du-droit-public-dallemagne-contenant-les-guerres-les-traites-de-paix\/","title":{"rendered":"M.P.S.D.A.D.S.M.L.R.D.P.E.D.S. (d.i. Pfeffel von Kriegelstein, Christina  Friedrich). &#8211;  Abr\u00e9g\u00e9 chronologique de l&#8217;histoire et du droit public d&#8217;Allemagne, contenant les Guerres, les Trait\u00e9s de Paix, les Loix, les Capitulations Imp\u00e9riales, &#038; les Rec\u00e8s qui composant le Droit public de l&#8217;Empire."},"content":{"rendered":"<p>Paris, Herissant, 1754.<\/p>\n<p>17 : 11 cm. 6 leaves with engraved vignette, 721 pages. Contemporary calf, spine richly gilt.<\/p>\n<p>120,00 EUR<\/p>\n","protected":false},"excerpt":{"rendered":"<p>A tabular chronological history of the German Empire. Pfeffel wrote this in imitation of H\u00e9naults work of the French history &#8218;Abr\u00e9g\u00e9 Chronologique de l&#8217;histoire de France&#8216;. At its time it was very popular. &#8211; The beautiful binding unfortunately strongly rubbed, inside a good copy.<\/p>\n","protected":false},"featured_media":28918,"template":"","meta":[],"product_brand":[],"product_cat":[260,74,97,59,914],"product_tag":[],"class_list":{"0":"post-5391","1":"product","2":"type-product","3":"status-publish","4":"has-post-thumbnail","6":"product_cat-alte-drucke","7":"product_cat-deutschland","8":"product_cat-geschichte","9":"product_cat-kulturgeschichte","10":"product_cat-zvab","12":"first","13":"instock","14":"purchasable","15":"product-type-simple"},"_links":{"self":[{"href":"https:\/\/antiquariat-steinbach.com\/rarebooks\/wp-json\/wp\/v2\/product\/5391","targetHints":{"allow":["GET"]}}],"collection":[{"href":"https:\/\/antiquariat-steinbach.com\/rarebooks\/wp-json\/wp\/v2\/product"}],"about":[{"href":"https:\/\/antiquariat-steinbach.com\/rarebooks\/wp-json\/wp\/v2\/types\/product"}],"version-history":[{"count":3,"href":"https:\/\/antiquariat-steinbach.com\/rarebooks\/wp-json\/wp\/v2\/product\/5391\/revisions"}],"predecessor-version":[{"id":20693,"href":"https:\/\/antiquariat-steinbach.com\/rarebooks\/wp-json\/wp\/v2\/product\/5391\/revisions\/20693"}],"wp:featuredmedia":[{"embeddable":true,"href":"https:\/\/antiquariat-steinbach.com\/rarebooks\/wp-json\/wp\/v2\/media\/28918"}],"wp:attachment":[{"href":"https:\/\/antiquariat-steinbach.com\/rarebooks\/wp-json\/wp\/v2\/media?parent=5391"}],"wp:term":[{"taxonomy":"product_brand","embeddable":true,"href":"https:\/\/antiquariat-steinbach.com\/rarebooks\/wp-json\/wp\/v2\/product_brand?post=5391"},{"taxonomy":"product_cat","embeddable":true,"href":"https:\/\/antiquariat-steinbach.com\/rarebooks\/wp-json\/wp\/v2\/product_cat?post=5391"},{"taxonomy":"product_tag","embeddable":true,"href":"https:\/\/antiquariat-steinbach.com\/rarebooks\/wp-json\/wp\/v2\/product_tag?post=5391"}],"curies":[{"name":"wp","href":"https:\/\/api.w.org\/{rel}","templated":true}]}}