{"id":5327,"date":"2026-03-12T00:14:57","date_gmt":"2026-03-11T23:14:57","guid":{"rendered":"http:\/\/antiquariat-steinbach.com\/rarebooks\/produkt\/les-pastorales-de-longus-ou-daphnis-et-chloe\/"},"modified":"2026-03-12T00:14:59","modified_gmt":"2026-03-11T23:14:59","slug":"longus-les-pastorales-de-longus-ou-daphnis-et-chloe","status":"publish","type":"product","link":"https:\/\/antiquariat-steinbach.com\/rarebooks\/produkt\/longus-les-pastorales-de-longus-ou-daphnis-et-chloe\/","title":{"rendered":"Longus: &#8211;  Les pastorales de Longus ou Daphnis et Chlo\u00e9."},"content":{"rendered":"<p>Paris, Lemerre 1878.<\/p>\n<p>20,5 : 13 cm. XIII, 200 Seiten, 2 Blatt mit 12 (davon 6 auf China) Kupfern nach Proudhon und gestochenen Portr\u00e4t. Roter, gegl\u00e4tteter Halblederband auf 5 B\u00fcnden mit reicher R\u00fcckenvergoldung, R\u00fcckenschild, Kopfgoldschnitt (sign. E. Pouget).<\/p>\n<p>380,00 EUR<\/p>\n","protected":false},"excerpt":{"rendered":"<p>Das vorliegende Exemplar mit den Kupfern in zweifacher Ausf\u00fchrung einmal auf papier de Chine und einmal auf papier Whatman. Titel in Rot und Schwarz gedruckt, jede Seite von roter Einfassungslinie umrahmt. Sch\u00f6nes, breitrandiges Exemplar, in einem signierten Handeinband.<\/p>\n","protected":false},"featured_media":0,"template":"","meta":[],"product_brand":[],"product_cat":[143,43,32,914],"product_tag":[],"class_list":{"0":"post-5327","1":"product","2":"type-product","3":"status-publish","5":"product_cat-francais","6":"product_cat-illustrierte-buecher","7":"product_cat-literatur","8":"product_cat-zvab","10":"first","11":"instock","12":"purchasable","13":"product-type-simple"},"_links":{"self":[{"href":"https:\/\/antiquariat-steinbach.com\/rarebooks\/wp-json\/wp\/v2\/product\/5327","targetHints":{"allow":["GET"]}}],"collection":[{"href":"https:\/\/antiquariat-steinbach.com\/rarebooks\/wp-json\/wp\/v2\/product"}],"about":[{"href":"https:\/\/antiquariat-steinbach.com\/rarebooks\/wp-json\/wp\/v2\/types\/product"}],"version-history":[{"count":3,"href":"https:\/\/antiquariat-steinbach.com\/rarebooks\/wp-json\/wp\/v2\/product\/5327\/revisions"}],"predecessor-version":[{"id":20665,"href":"https:\/\/antiquariat-steinbach.com\/rarebooks\/wp-json\/wp\/v2\/product\/5327\/revisions\/20665"}],"wp:attachment":[{"href":"https:\/\/antiquariat-steinbach.com\/rarebooks\/wp-json\/wp\/v2\/media?parent=5327"}],"wp:term":[{"taxonomy":"product_brand","embeddable":true,"href":"https:\/\/antiquariat-steinbach.com\/rarebooks\/wp-json\/wp\/v2\/product_brand?post=5327"},{"taxonomy":"product_cat","embeddable":true,"href":"https:\/\/antiquariat-steinbach.com\/rarebooks\/wp-json\/wp\/v2\/product_cat?post=5327"},{"taxonomy":"product_tag","embeddable":true,"href":"https:\/\/antiquariat-steinbach.com\/rarebooks\/wp-json\/wp\/v2\/product_tag?post=5327"}],"curies":[{"name":"wp","href":"https:\/\/api.w.org\/{rel}","templated":true}]}}