{"id":5261,"date":"2026-03-12T00:14:52","date_gmt":"2026-03-11T23:14:52","guid":{"rendered":"http:\/\/antiquariat-steinbach.com\/rarebooks\/produkt\/mdxxviii-zu-albrecht-duerers-gedaechtnis-mcmxxviii\/"},"modified":"2026-03-12T00:14:54","modified_gmt":"2026-03-11T23:14:54","slug":"lobisser-switbert-mdxxviii-zu-albrecht-duerers-gedaechtnis-mcmxxviii","status":"publish","type":"product","link":"https:\/\/antiquariat-steinbach.com\/rarebooks\/produkt\/lobisser-switbert-mdxxviii-zu-albrecht-duerers-gedaechtnis-mcmxxviii\/","title":{"rendered":"Lobisser, Switbert. &#8211;  MDXXVIII &#8211;  Zu Albrecht D\u00fcrers Ged\u00e4chtnis &#8211; MCMXXVIII"},"content":{"rendered":"<p>Wien, Gesellschaft f\u00fcr vervielf\u00e4ltigende Kunst 1928<\/p>\n<p>40 : 30 cm  Original-Holzschnitt auf festem Karton. Im unteren Rand typographisch bezeichnet.<\/p>\n<p>40,00 EUR<\/p>\n","protected":false},"excerpt":{"rendered":"<p>Switbert (eigentlich Leo) Lobisser 1878 &#8211; 1943, studierte Theologie in Salzburg und Rom und wurde 1903 zum Prieste geweiht. Er absolvierte ein Studium and der Kunstakademie in Wien von 1904 &#8211; 1908 und unterrichtete danch als Kunsterzieher im Stiftsgymnasium St. Paul im Lavanthal. Auch Gustav Mahler geh\u00f6rte dort zu seinen Sch\u00fclern.<\/p>\n","protected":false},"featured_media":15003,"template":"","meta":[],"product_brand":[],"product_cat":[29,71,317,110,914],"product_tag":[],"class_list":{"0":"post-5261","1":"product","2":"type-product","3":"status-publish","4":"has-post-thumbnail","6":"product_cat-20-jahrhundert","7":"product_cat-austriaca","8":"product_cat-kuenstlergraphik","9":"product_cat-theologie","10":"product_cat-zvab","12":"first","13":"instock","14":"purchasable","15":"product-type-simple"},"_links":{"self":[{"href":"https:\/\/antiquariat-steinbach.com\/rarebooks\/wp-json\/wp\/v2\/product\/5261","targetHints":{"allow":["GET"]}}],"collection":[{"href":"https:\/\/antiquariat-steinbach.com\/rarebooks\/wp-json\/wp\/v2\/product"}],"about":[{"href":"https:\/\/antiquariat-steinbach.com\/rarebooks\/wp-json\/wp\/v2\/types\/product"}],"version-history":[{"count":4,"href":"https:\/\/antiquariat-steinbach.com\/rarebooks\/wp-json\/wp\/v2\/product\/5261\/revisions"}],"predecessor-version":[{"id":20633,"href":"https:\/\/antiquariat-steinbach.com\/rarebooks\/wp-json\/wp\/v2\/product\/5261\/revisions\/20633"}],"wp:featuredmedia":[{"embeddable":true,"href":"https:\/\/antiquariat-steinbach.com\/rarebooks\/wp-json\/wp\/v2\/media\/15003"}],"wp:attachment":[{"href":"https:\/\/antiquariat-steinbach.com\/rarebooks\/wp-json\/wp\/v2\/media?parent=5261"}],"wp:term":[{"taxonomy":"product_brand","embeddable":true,"href":"https:\/\/antiquariat-steinbach.com\/rarebooks\/wp-json\/wp\/v2\/product_brand?post=5261"},{"taxonomy":"product_cat","embeddable":true,"href":"https:\/\/antiquariat-steinbach.com\/rarebooks\/wp-json\/wp\/v2\/product_cat?post=5261"},{"taxonomy":"product_tag","embeddable":true,"href":"https:\/\/antiquariat-steinbach.com\/rarebooks\/wp-json\/wp\/v2\/product_tag?post=5261"}],"curies":[{"name":"wp","href":"https:\/\/api.w.org\/{rel}","templated":true}]}}