{"id":5237,"date":"2026-03-12T00:14:40","date_gmt":"2026-03-11T23:14:40","guid":{"rendered":"http:\/\/antiquariat-steinbach.com\/rarebooks\/produkt\/literarisches-coloquium-berlin-editinen\/"},"modified":"2026-03-12T00:14:41","modified_gmt":"2026-03-11T23:14:41","slug":"literarisches-coloquium-berlin-editinen","status":"publish","type":"product","link":"https:\/\/antiquariat-steinbach.com\/rarebooks\/produkt\/literarisches-coloquium-berlin-editinen\/","title":{"rendered":"Literarisches Coloquium Berlin-Editinen."},"content":{"rendered":"<p>Berlin, 1970 &#8211; 1972.<\/p>\n<p>7 B\u00e4nde der Reihe. 19,5 : 14 cm. Illustrierter Original-Karton.<\/p>\n<p>105,00 EUR<\/p>\n","protected":false},"excerpt":{"rendered":"<p>Vorhanden sind die folgenden B\u00e4nde: Nr. 16: Weyrauch, Wolfgang (Hrsg.). 11 Autoren \u00fcber 1 Jahrzehnt. &#8211; Nr. 17:  Bisinger, Gerald &#038; Walter H\u00f6llerer (Hrsg.). Das literarische Profil von Rom. Mit Tafeln. &#8211; Nr. 18: Linhartova, Vera. Chim\u00e4re oder Querschnitt durch die Zwiebel. &#8211; Nr. 19: Tumler, Franz. Welche Sprache ich lernte. &#8211; Nr. 20: Jonke, G.F. Musikgeschichten. Mit widmung des Verfassers. &#8211; Nr. 21: Novak, Ladislav. Gedichte f\u00fcr bewegte Rezitation. &#8211; Nr. 30. Artmann, H.C. Von der Wiener Seite. Geschichten.<\/p>\n","protected":false},"featured_media":14995,"template":"","meta":[],"product_brand":[],"product_cat":[29,32,914],"product_tag":[],"class_list":{"0":"post-5237","1":"product","2":"type-product","3":"status-publish","4":"has-post-thumbnail","6":"product_cat-20-jahrhundert","7":"product_cat-literatur","8":"product_cat-zvab","10":"first","11":"instock","12":"purchasable","13":"product-type-simple"},"_links":{"self":[{"href":"https:\/\/antiquariat-steinbach.com\/rarebooks\/wp-json\/wp\/v2\/product\/5237","targetHints":{"allow":["GET"]}}],"collection":[{"href":"https:\/\/antiquariat-steinbach.com\/rarebooks\/wp-json\/wp\/v2\/product"}],"about":[{"href":"https:\/\/antiquariat-steinbach.com\/rarebooks\/wp-json\/wp\/v2\/types\/product"}],"version-history":[{"count":2,"href":"https:\/\/antiquariat-steinbach.com\/rarebooks\/wp-json\/wp\/v2\/product\/5237\/revisions"}],"predecessor-version":[{"id":12121,"href":"https:\/\/antiquariat-steinbach.com\/rarebooks\/wp-json\/wp\/v2\/product\/5237\/revisions\/12121"}],"wp:featuredmedia":[{"embeddable":true,"href":"https:\/\/antiquariat-steinbach.com\/rarebooks\/wp-json\/wp\/v2\/media\/14995"}],"wp:attachment":[{"href":"https:\/\/antiquariat-steinbach.com\/rarebooks\/wp-json\/wp\/v2\/media?parent=5237"}],"wp:term":[{"taxonomy":"product_brand","embeddable":true,"href":"https:\/\/antiquariat-steinbach.com\/rarebooks\/wp-json\/wp\/v2\/product_brand?post=5237"},{"taxonomy":"product_cat","embeddable":true,"href":"https:\/\/antiquariat-steinbach.com\/rarebooks\/wp-json\/wp\/v2\/product_cat?post=5237"},{"taxonomy":"product_tag","embeddable":true,"href":"https:\/\/antiquariat-steinbach.com\/rarebooks\/wp-json\/wp\/v2\/product_tag?post=5237"}],"curies":[{"name":"wp","href":"https:\/\/api.w.org\/{rel}","templated":true}]}}